Your own page

Select a Year or Month report
V/Λ2018 > Jan Feb Mar Apr May Jun Jul Aug Sep Oct Nov Dec
V/Λ2017 > Jan Feb Mar Apr May Jun Jul Aug Sep Oct Nov Dec
V/Λ2016 > Jan Feb Mar Apr May Jun Jul Aug Sep Oct Nov Dec
V/Λ2015 > Jan Feb Mar Apr May Jun Jul Aug Sep Oct Nov Dec
V/Λ2014 > Jan Feb Mar Apr May Jun Jul Aug Sep Oct Nov Dec
V/Λ2013 > Jan Feb Mar Apr May Jun Jul Aug Sep Oct Nov Dec

Report for 2015 Jul
                   Monthly Climatological Summary for Jul 2015

Name: Summerhill   City: Launceston   State: Tasmania
Elevation: 177 m  Lat: S 41 27' 41"   Lon: E 147 07' 42"

                  Temperature (C), Rain (mm), Wind Speed (km/h)

                                      Heat  Cool        Avg
    Mean                              Deg   Deg         Wind                 Dom
Day Temp  High   Time   Low    Time   Days  Days  Rain  Speed High   Time    Dir
----------------------------------------------------------------------------------
 1   6.3  11.6   14:04   0.4   07:39   9.7   0.0   1.0  10.4  64.4   19:36   NNW
 2   6.5  11.4   13:20   1.2   23:55   9.5   0.0   0.0   4.7  27.4   01:14   WNW
 3   4.1   9.2   14:54  -1.5   07:40  11.8   0.0   0.0   6.2  29.0   19:32   NNW
 4  10.1  14.9   14:10   6.6   00:10   5.9   0.0   0.0   9.6  33.8   04:55   NNW
 5   7.9   9.3   12:20   6.7   23:59   8.1   0.0   4.6   1.5  16.1   00:35    NW
 6   5.9   9.7   14:32   2.2   23:22  10.1   0.0   1.4   6.6  35.4   13:05   SSE
 7   4.2  10.3   14:19   0.6   23:53  11.8   0.0   0.0   3.0  24.1   12:40   SSE
 8   4.1  11.3   14:57  -1.1   07:42  11.9   0.0   0.4   0.4   9.7   13:28     S
 9   8.6  12.0   13:55   5.3   00:01   7.4   0.0   0.0   3.2  17.7   13:44   NNW
10   9.9  12.7   14:36   8.6   18:17   6.1   0.0   1.0   5.9  27.4   14:57   NNW
11  10.0  13.1   12:22   7.2   19:31   6.0   0.0   3.2   8.0  33.8   03:00   NNW
12   9.6  12.5   12:46   6.3   02:27   6.4   0.0   0.0   7.9  37.0   16:33     S
13   9.8  13.8   12:14   5.7   22:18   6.2   0.0   0.0   6.1  32.2   00:03     S
14   4.9   9.3   12:56   1.3   23:47  11.1   0.0   0.0   1.4  22.5   06:17   SSW
15   5.3  10.3   15:07   1.3   00:00  10.7   0.0   0.0   4.3  30.6   11:19   SSE
16   4.8  11.7   15:56   0.3   06:39  10.7   0.0   0.0   1.1  16.1   11:42     S
17   3.3  11.4   13:49  -0.5   04:38  12.7   0.0   0.0   2.4  38.6   14:24   SSE
18   3.9  11.7   14:25  -1.7   07:43  12.1   0.0   0.2   0.6  17.7   12:44   ESE
19   4.6  10.1   14:59  -0.1   03:05  11.4   0.0   0.0   5.2  27.4   13:00   NNW
20   5.5   8.2   12:47   0.9   05:21  10.5   0.0   0.2   4.2  19.3   12:09   NNW
21   9.7  11.6   13:11   7.2   00:00   6.3   0.0   0.0  11.2  43.5   12:08   NNW
----------------------------------------------------------------------------------
     6.6  14.9     4    -1.7    18   196.4   0.0  12.0   5.0  64.4     1      NW

Max >=  20.0:  0
Max <=  19.0: 21
Min <=   5.0: 13
Min <=   0.0:  5
Max Rain: 4.6 on day 5
Days of Rain: 8 (>= 0.2 mm)  2 (>= 2.0 mm)  0 (>= 20.0 mm)
Heat Base: 16.0  Cool Base: 18.0  Method: Integration