Your own page

Select a Year or Month report
V/Λ2018 > Jan Feb Mar Apr May Jun Jul Aug Sep Oct Nov Dec
V/Λ2017 > Jan Feb Mar Apr May Jun Jul Aug Sep Oct Nov Dec
V/Λ2016 > Jan Feb Mar Apr May Jun Jul Aug Sep Oct Nov Dec
V/Λ2015 > Jan Feb Mar Apr May Jun Jul Aug Sep Oct Nov Dec
V/Λ2014 > Jan Feb Mar Apr May Jun Jul Aug Sep Oct Nov Dec
V/Λ2013 > Jan Feb Mar Apr May Jun Jul Aug Sep Oct Nov Dec

Report for 2015 Jun
                   Monthly Climatological Summary for Jun 2015

Name: Summerhill   City: Launceston   State: Tasmania
Elevation: 177 m  Lat: S 41 27' 41"   Lon: E 147 07' 42"

                  Temperature (C), Rain (mm), Wind Speed (km/h)

                                      Heat  Cool        Avg
    Mean                              Deg   Deg         Wind                 Dom
Day Temp  High   Time   Low    Time   Days  Days  Rain  Speed High   Time    Dir
----------------------------------------------------------------------------------
 1   3.9  10.7   14:26  -1.6   05:49  11.9   0.0   0.0   2.2  24.1   14:27     S
 2   4.5  12.3   15:30  -0.3   06:57  11.0   0.0   0.0   0.1  14.5   12:48   SSE
 3   4.1  11.6   15:58  -0.2   06:38  11.9   0.0   0.0   0.3   8.0   09:04   SSE
 4   4.1  10.7   13:34  -1.5   05:59  11.9   0.0   0.0   0.5   8.0   08:09     S
 5   6.1  10.8   13:39  -0.1   07:56   9.9   0.0   0.0   3.3  22.5   22:06   NNW
 6  11.8  13.4   11:35   8.9   00:17   4.2   0.0   0.2  11.3  32.2   16:40   NNW
 7  11.8  12.9   14:49   9.8   23:03   4.2   0.0   7.4  19.5  56.3   14:12   NNW
 8  11.6  13.6   17:18   9.0   23:50   4.4   0.0   2.2  25.1  80.5   17:08    NW
 9   6.5   9.9   12:25   2.7   22:15   9.5   0.0   0.0   9.6  45.1   00:54    NW
10   5.3  11.1   14:00   0.6   08:03  10.3   0.0   0.0   0.9  19.3   10:30   NNW
11   5.3  11.8   15:53   0.8   06:31  10.2   0.0   0.0   1.3  20.9   14:13    NW
12   6.1  14.9   14:42  -0.1   04:08   9.6   0.0   0.0   0.4   9.7   00:12   SSE
13   6.9  11.7   14:35   2.7   23:52   9.0   0.0   0.0   1.5  19.3   13:24    NW
14   4.2   7.1   23:54   0.6   06:56  11.8   0.0   1.0   0.3   8.0   07:37   SSE
15   8.8  11.0   14:28   7.0   00:02   7.2   0.0   3.4   0.6  12.9   03:46     S
16   9.1  10.3   17:02   7.8   02:26   6.9   0.0   7.6   3.1  24.1   14:08   SSE
17   9.0  13.1   12:14   5.8   23:53   7.0   0.0   0.2   7.6  35.4   14:05   SSE
18   5.4   9.8   13:56   1.4   23:46  10.6   0.0   0.0   8.1  32.2   11:23   SSE
19   3.6  10.8   15:19  -1.5   07:41  12.4   0.0   0.0   0.8  17.7   12:30   SSE
20   3.3   9.5   14:22  -0.8   06:32  12.7   0.0   0.0   0.5   9.7   14:05    SE
21   3.5  11.7   15:25  -1.7   07:33  12.3   0.0   0.0   0.4   9.7   23:01   SSE
22   7.2  10.1   13:16   2.1   02:37   8.8   0.0   0.0   5.5  25.7   12:17   NNW
23  10.4  13.4   13:51   7.9   06:42   5.6   0.0   0.8   6.7  30.6   13:13   NNW
24  10.7  12.9   11:39   8.7   23:50   5.3   0.0   0.8  11.7  41.8   11:17   NNW
25   9.0  13.2   14:39   4.8   07:43   7.0   0.0   0.0   6.3  25.7   16:36   NNW
26  11.0  14.7   13:28   8.4   00:03   4.9   0.0   0.0  10.8  33.8   12:53   NNW
27  10.5  13.5   13:55   8.2   23:29   5.4   0.0   0.0  11.4  32.2   12:17   NNW
28   9.7  13.4   12:49   7.4   07:12   6.3   0.0   0.0  11.3  33.8   13:25   NNW
29   9.7  13.3   13:42   7.2   23:57   6.3   0.0   0.0   8.9  33.8   13:09   NNW
30   5.0  10.0   15:02   2.1   23:54  11.0   0.0   0.4   0.7  11.3   05:41     S
----------------------------------------------------------------------------------
     7.3  14.9    12    -1.7    21   259.5   0.0  24.0   5.9  80.5     8      NW

Max >=  20.0:  0
Max <=  19.0: 30
Min <=   5.0: 18
Min <=   0.0:  9
Max Rain: 7.6 on day 16
Days of Rain: 10 (>= 0.2 mm)  4 (>= 2.0 mm)  0 (>= 20.0 mm)
Heat Base: 16.0  Cool Base: 18.0  Method: Integration