Your own page

Select a Year or Month report
V/Λ2018 > Jan Feb Mar Apr May Jun Jul Aug Sep Oct Nov Dec
V/Λ2017 > Jan Feb Mar Apr May Jun Jul Aug Sep Oct Nov Dec
V/Λ2016 > Jan Feb Mar Apr May Jun Jul Aug Sep Oct Nov Dec
V/Λ2015 > Jan Feb Mar Apr May Jun Jul Aug Sep Oct Nov Dec
V/Λ2014 > Jan Feb Mar Apr May Jun Jul Aug Sep Oct Nov Dec
V/Λ2013 > Jan Feb Mar Apr May Jun Jul Aug Sep Oct Nov Dec

Report for 2015 May
                   Monthly Climatological Summary for May 2015

Name: Summerhill   City: Launceston   State: Tasmania
Elevation: 177 m  Lat: S 41 27' 41"   Lon: E 147 07' 42"

                  Temperature (C), Rain (mm), Wind Speed (km/h)

                                      Heat  Cool        Avg
    Mean                              Deg   Deg         Wind                 Dom
Day Temp  High   Time   Low    Time   Days  Days  Rain  Speed High   Time    Dir
----------------------------------------------------------------------------------
 1  13.3  17.9   14:27   8.7   03:43   3.0   0.0   0.2   5.0  24.1   12:33   NNW
 2  13.7  18.7   13:05  10.9   06:43   2.5   0.0   8.0   5.9  40.2   17:18   NNW
 3  12.4  16.1   13:51   9.1   23:20   3.6   0.0   0.0   6.7  30.6   13:21   NNW
 4  12.2  16.2   14:38   9.4   00:00   3.8   0.0   0.0   4.5  24.1   15:07   NNW
 5  11.6  13.6   00:43   9.4   15:12   4.4   0.0  23.8  18.3  69.2   14:35   NNW
 6   8.7  12.8   12:43   5.3   23:06   7.2   0.0   0.0  18.3  59.5   12:09    NW
 7   7.2  11.2   13:42   5.1   07:18   8.8   0.0   0.0  11.1  40.2   03:51    NW
 8  11.1  14.5   13:15   6.7   00:00   4.9   0.0   0.0  15.0  51.5   13:18   NNW
 9  11.7  14.8   14:14   9.4   04:35   4.3   0.0   1.2  14.6  57.9   22:32   NNW
10  10.4  13.4   13:21   7.3   23:55   5.6   0.0   1.2  14.0  53.1   00:27    NW
11   9.2  14.9   13:53   4.9   05:07   6.8   0.0   0.2   7.6  25.7   15:13   NNW
12   9.5  11.7   13:53   5.7   23:53   6.5   0.0   0.2  18.2  62.8   10:43    NW
13   7.6  12.6   15:31   3.1   07:18   8.4   0.0   0.0   5.9  32.2   13:58    NW
14  12.0  17.2   13:23   7.0   01:19   4.0   0.0   0.0   3.8  35.4   12:28   SSW
15  11.3  18.6   15:44   5.0   06:47   4.3   0.0   0.0   0.9  14.5   11:32   SSE
16   9.6  14.1   14:05   5.7   07:38   6.4   0.0   0.0   4.4  25.7   12:09   NNW
17   9.7  13.7   14:18   6.8   23:47   6.3   0.0   0.0   8.3  32.2   11:45   NNW
18   9.2  14.2   14:40   2.8   07:41   6.7   0.0   0.0   4.7  27.4   15:09   NNW
19  11.5  15.5   12:18   8.8   01:30   4.5   0.0   5.6   6.8  33.8   13:41   NNW
20  10.2  12.1   13:31   7.2   23:54   5.8   0.0   0.4   2.1  24.1   21:30   SSE
21   8.5  13.7   14:47   5.3   04:56   7.5   0.0   0.0   6.2  33.8   10:09   SSE
22   6.9  14.4   15:25   2.1   06:28   9.1   0.0   0.0   0.8  14.5   11:02    SE
23   5.9  14.7   15:37  -0.2   07:35  10.1   0.0   0.0   0.6   9.7   03:45   SSE
24   5.7  11.9   15:10   0.0   07:20  10.3   0.0   0.0   2.2  16.1   17:41    NW
25   7.9  12.4   14:52   4.4   07:07   8.1   0.0   0.0   2.0  14.5   01:22   NNW
26   9.6  15.3   14:42   5.7   05:03   6.4   0.0   0.0   1.3  17.7   03:49   NNW
27  10.6  12.6   22:33   8.1   03:16   5.4   0.0   1.8   6.8  40.2   23:16   NNW
28  11.1  13.9   12:35   7.9   23:56   4.9   0.0  20.0  14.6  67.6   13:49   NNW
29   8.4  11.7   15:25   5.5   06:24   7.6   0.0   0.0  11.7  37.0   14:01   NNW
----------------------------------------------------------------------------------
     9.9  18.7     2    -0.2    23   177.2   0.0  62.6   7.7  69.2     5      NW

Max >=  20.0:  0
Max <=  19.0: 29
Min <=   5.0:  8
Min <=   0.0:  2
Max Rain: 23.8 on day 5
Days of Rain: 11 (>= 0.2 mm)  4 (>= 2.0 mm)  2 (>= 20.0 mm)
Heat Base: 16.0  Cool Base: 18.0  Method: Integration