Your own page

Select a Year or Month report
V/Λ2018 > Jan Feb Mar Apr May Jun Jul Aug Sep Oct Nov Dec
V/Λ2017 > Jan Feb Mar Apr May Jun Jul Aug Sep Oct Nov Dec
V/Λ2016 > Jan Feb Mar Apr May Jun Jul Aug Sep Oct Nov Dec
V/Λ2015 > Jan Feb Mar Apr May Jun Jul Aug Sep Oct Nov Dec
V/Λ2014 > Jan Feb Mar Apr May Jun Jul Aug Sep Oct Nov Dec
V/Λ2013 > Jan Feb Mar Apr May Jun Jul Aug Sep Oct Nov Dec

Report for 2015 Apr
                   Monthly Climatological Summary for Apr 2015

Name: Summerhill   City: Launceston   State: Tasmania
Elevation: 177 m  Lat: S 41 27' 41"   Lon: E 147 07' 42"

                  Temperature (C), Rain (mm), Wind Speed (km/h)

                                      Heat  Cool        Avg
    Mean                              Deg   Deg         Wind                 Dom
Day Temp  High   Time   Low    Time   Days  Days  Rain  Speed High   Time    Dir
----------------------------------------------------------------------------------
 1  16.5  20.9   16:21  13.1   05:38   1.0   0.4   0.0  10.2  35.4   16:07    NW
 2  12.5  18.0   00:00   6.6   23:57   3.6   0.0   3.2  11.4  48.3   10:04   SSE
 3  10.4  20.6   16:35   3.0   07:27   6.0   0.2   0.0   2.9  24.1   17:22    NW
 4  11.9  18.3   16:18   6.0   06:03   4.3   0.0   0.8   1.0  12.9   09:40     S
 5  13.4  18.9   14:53  10.1   23:39   3.1   0.0   0.4   3.4  29.0   14:56   NNW
 6  13.5  20.8   14:02   8.5   06:42   3.3   0.3   0.2   4.5  25.7   10:12   SSE
 7  12.6  19.3   14:08   8.6   23:55   3.9   0.1   0.0   9.4  33.8   15:25   SSE
 8  11.4  16.9   13:09   7.6   06:41   4.7   0.0   0.0  11.3  51.5   11:34   SSE
 9  12.2  21.6   15:33   5.7   06:07   4.5   0.4   0.0   3.9  25.7   17:31   SSE
10  12.0  17.0   14:32   7.4   02:46   4.0   0.0   0.0   4.0  25.7   14:23   NNW
11  13.3  16.4   12:38   9.1   23:58   2.7   0.0   0.0   5.3  30.6   12:10   NNW
12  11.5  18.5   15:49   6.9   07:05   4.8   0.0   0.0   5.5  25.7   03:27   SSE
13  10.5  18.8   15:43   3.3   06:40   5.8   0.0   0.0   2.4  20.9   10:13   SSE
14  11.3  14.6   14:02   6.3   03:35   4.7   0.0   0.0   1.1  14.5   14:57   NNW
15  15.5  20.4   14:24  11.2   06:37   1.6   0.4   0.6   5.3  29.0   12:27   NNW
16  14.7  19.4   11:43   9.4   23:58   1.9   0.2   0.0   5.8  24.1   00:05   NNW
17  12.5  16.7   12:57   8.1   07:13   3.1   0.0   0.0   9.1  33.8   12:58   NNW
18  12.4  16.8   12:31   8.2   23:57   3.6   0.0   1.2   9.0  48.3   12:38   NNW
19   8.9  15.1   14:53   3.6   23:49   7.0   0.0   0.2   5.9  33.8   12:04     S
20   8.2  16.8   15:29   0.8   06:40   7.9   0.0   0.0   1.3  12.9   13:08   ESE
21  11.5  21.2   15:13   4.0   06:25   4.4   0.2   0.0   2.9  22.5   16:58   NNW
22  14.9  21.3   14:57   8.9   07:22   2.1   0.6   0.0   5.0  22.5   15:52   SSE
23  14.6  20.5   14:07   9.3   03:19   1.9   0.2   0.0   4.7  25.7   09:41   SSE
24  12.0  13.3   11:54  10.9   07:11   4.0   0.0  11.8   1.4  16.1   11:11     S
25  13.0  18.4   14:58  10.1   23:52   3.3   0.0   0.2   6.5  27.4   16:04   SSE
26  11.1  17.4   16:16   6.8   23:54   4.9   0.0   0.0   3.1  19.3   00:10   SSE
27   9.9  17.9   14:18   4.9   06:59   6.2   0.0   0.0   1.1  20.9   18:15     S
28  10.2  18.4   14:35   3.5   07:12   6.1   0.0   0.0   1.5  17.7   14:39   SSE
29  11.0  19.6   14:18   3.8   05:55   5.5   0.1   0.0   1.7  12.9   17:49     N
30  12.2  17.6   13:48   6.6   07:49   3.9   0.0   0.8   2.3  17.7   12:59   NNW
----------------------------------------------------------------------------------
    12.2  21.6     9     0.8    20   123.8   3.1  19.4   4.7  51.5     8     SSW

Max >=  20.0:  8
Max <=  19.0: 19
Min <=   5.0:  8
Min <=   0.0:  0
Max Rain: 11.8 on day 24
Days of Rain: 10 (>= 0.2 mm)  2 (>= 2.0 mm)  0 (>= 20.0 mm)
Heat Base: 16.0  Cool Base: 18.0  Method: Integration