Your own page

Select a Year or Month report
V/Λ2018 > Jan Feb Mar Apr May Jun Jul Aug Sep Oct Nov Dec
V/Λ2017 > Jan Feb Mar Apr May Jun Jul Aug Sep Oct Nov Dec
V/Λ2016 > Jan Feb Mar Apr May Jun Jul Aug Sep Oct Nov Dec
V/Λ2015 > Jan Feb Mar Apr May Jun Jul Aug Sep Oct Nov Dec
V/Λ2014 > Jan Feb Mar Apr May Jun Jul Aug Sep Oct Nov Dec
V/Λ2013 > Jan Feb Mar Apr May Jun Jul Aug Sep Oct Nov Dec

Report for 2015 Mar
                   Monthly Climatological Summary for Mar 2015

Name: Summerhill   City: Launceston   State: Tasmania
Elevation: 177 m  Lat: S 41 27' 41"   Lon: E 147 07' 42"

                  Temperature (C), Rain (mm), Wind Speed (km/h)

                                      Heat  Cool        Avg
    Mean                              Deg   Deg         Wind                 Dom
Day Temp  High   Time   Low    Time   Days  Days  Rain  Speed High   Time    Dir
----------------------------------------------------------------------------------
 1  16.8  23.4   16:07  10.8   06:39   1.3   1.2   0.0   5.2  25.7   00:08   SSW
 2  13.8  19.2   14:17   8.8   06:48   2.6   0.1   0.0   8.3  35.4   13:23   NNW
 3  14.9  20.9   14:57   9.6   05:29   2.3   0.4   0.0   9.0  40.2   17:07   NNW
 4  15.3  20.2   15:36  12.3   00:10   1.6   0.2   0.0  15.7  48.3   15:53   NNW
 5  12.6  17.1   12:48   8.7   06:49   3.5   0.0   0.0  11.4  48.3   17:18   WNW
 6  16.8  22.6   17:30  11.4   00:00   0.9   0.9   0.0   8.4  49.9   13:08   WSW
 7  15.4  21.7   17:56   9.6   01:46   2.0   0.7   0.0   8.5  35.4   11:40   NNW
 8  16.0  20.6   13:49  11.4   05:13   1.1   0.4   0.0   9.9  43.5   16:12   NNW
 9  16.3  21.9   14:29  12.5   23:37   1.0   0.6   2.4   9.1  35.4   14:57   NNW
10  14.2  20.3   15:04   8.2   07:15   2.6   0.3   0.0   5.4  32.2   16:17   NNW
11  14.9  19.2   14:21  11.6   06:31   1.7   0.1   0.0  10.5  40.2   14:43   NNW
12  15.1  20.8   14:25  10.0   23:47   1.8   0.4   0.0   5.9  29.0   14:53    NW
13  13.2  19.6   14:48   6.7   07:41   3.3   0.1   0.0   7.1  30.6   13:05    NW
14  13.3  17.6   13:53  10.9   23:58   2.8   0.0   1.0  10.7  48.3   13:56    NW
15  12.2  19.0   16:44   6.9   06:51   4.2   0.1   0.0   7.1  29.0   10:57   SSE
16  12.1  17.5   15:29   6.2   06:48   4.0   0.0   0.0   2.3  19.3   14:03    NW
17  14.4  17.4   17:32  10.7   05:28   1.8   0.0   1.4   1.7  22.5   12:16   ESE
18  17.2  21.0   15:24  14.1   00:42   0.3   0.5   2.0   9.6  37.0   13:37   NNW
19  15.2  17.9   13:28  12.1   23:59   1.1   0.0   7.2  10.1  40.2   14:26   NNW
20  13.4  19.3   15:08   8.8   23:58   3.1   0.0   0.0   7.5  33.8   11:19    NW
21  12.3  19.7   16:25   4.9   07:16   4.3   0.1   0.0   3.7  29.0   15:14    NW
22  15.6  21.9   15:57   9.6   03:47   2.0   0.7   0.0   5.9  37.0   16:50   NNW
23  15.8  18.2   15:12  11.4   23:52   0.6   0.0   6.2   8.6  40.2   21:22    NW
24  12.2  18.5   14:25   7.9   07:28   4.1   0.0   0.0   9.0  41.8   00:47   SSE
25  11.6  15.7   14:12   7.9   01:16   4.4   0.0   0.0   4.8  29.0   11:22    NW
26  10.2  13.0   14:38   8.2   22:48   5.5   0.0  14.8   5.0  32.2   14:59   NNW
27  10.1  15.4   16:26   5.6   06:52   5.9   0.0   1.4   2.3  30.6   17:02     S
28  12.1  18.3   15:18   6.1   07:26   4.2   0.0   0.0   4.9  30.6   16:53   NNW
29  14.1  18.1   14:05   9.7   03:23   2.3   0.0   0.0  12.4  38.6   13:13   NNW
30  16.0  20.2   17:11  12.7   23:56   1.0   0.3   0.0  11.1  35.4   11:55   NNW
31  13.4  18.4   14:58   7.8   06:11   2.9   0.0   0.0   8.3  35.4   15:45   NNW
----------------------------------------------------------------------------------
    14.1  23.4     1     4.9    21    80.2   7.1  36.4   7.7  49.9     6      NW

Max >=  20.0: 12
Max <=  19.0: 14
Min <=   5.0:  1
Min <=   0.0:  0
Max Rain: 14.8 on day 26
Days of Rain: 8 (>= 0.2 mm)  5 (>= 2.0 mm)  0 (>= 20.0 mm)
Heat Base: 16.0  Cool Base: 18.0  Method: Integration