Your own page

Select a Year or Month report
V/Λ2018 > Jan Feb Mar Apr May Jun Jul Aug Sep Oct Nov Dec
V/Λ2017 > Jan Feb Mar Apr May Jun Jul Aug Sep Oct Nov Dec
V/Λ2016 > Jan Feb Mar Apr May Jun Jul Aug Sep Oct Nov Dec
V/Λ2015 > Jan Feb Mar Apr May Jun Jul Aug Sep Oct Nov Dec
V/Λ2014 > Jan Feb Mar Apr May Jun Jul Aug Sep Oct Nov Dec
V/Λ2013 > Jan Feb Mar Apr May Jun Jul Aug Sep Oct Nov Dec

Report for 2015 Feb
                   Monthly Climatological Summary for Feb 2015

Name: Summerhill   City: Launceston   State: Tasmania
Elevation: 177 m  Lat: S 41 27' 41"   Lon: E 147 07' 42"

                  Temperature (C), Rain (mm), Wind Speed (km/h)

                                      Heat  Cool        Avg
    Mean                              Deg   Deg         Wind                 Dom
Day Temp  High   Time   Low    Time   Days  Days  Rain  Speed High   Time    Dir
----------------------------------------------------------------------------------
 1  16.9  24.1   16:22  12.3   06:30   1.4   1.5   0.0  11.6  38.6   17:18    SE
 2  16.3  23.2   15:55   9.0   06:48   1.7   1.1   0.0   6.6  25.7   00:41     N
 3  17.8  24.0   17:27  13.2   06:56   0.7   1.5   0.0   6.6  35.4   14:35    NW
 4  15.3  23.8   17:37   8.5   06:48   2.2   0.9   0.0   8.3  32.2   10:19   SSE
 5  16.9  25.2   14:57   9.6   06:21   1.7   1.7   0.0   4.9  29.0   17:56   NNW
 6  18.6  27.9   15:35  10.3   06:42   1.4   2.9   0.0   5.1  29.0   16:34    NW
 7  20.2  27.7   15:03  14.2   02:45   0.1   3.1   0.0   8.6  38.6   17:32   NNW
 8  20.9  30.9   13:45  15.5   05:02   0.0   3.5   0.0   4.9  32.2   15:25   NNE
 9  17.2  23.9   15:23  11.8   05:46   1.2   1.5   0.0   7.3  27.4   01:37   SSE
10  17.4  21.6   11:57  11.4   06:39   0.9   1.1   0.0   3.0  22.5   12:49   NNW
11  20.7  26.5   13:56  16.8   05:49   0.0   2.8   0.0   7.1  37.0   13:01   NNW
12  17.0  24.1   15:31  11.4   07:29   1.0   1.0   0.0   7.8  37.0   07:15   SSE
13  16.1  22.9   17:31   8.1   06:55   1.9   1.1   0.0   3.8  25.7   18:00   NNW
14  16.8  20.3   17:17  14.0   03:41   0.5   0.3   9.2   5.7  25.7   17:47   SSE
15  19.4  24.6   13:08  15.9   02:38   0.0   2.0   0.2   4.1  29.0   13:23   NNW
16  21.5  26.3   15:08  17.8   23:12   0.0   3.5   0.0   8.2  33.8   13:25   NNW
17  19.0  24.2   15:19  15.6   07:06   0.0   1.5   0.0   4.3  22.5   19:59   WNW
18  19.0  24.9   14:34  13.9   05:24   0.3   2.0   0.0   6.3  33.8   15:44    NW
19  19.5  26.4   15:29  15.1   06:49   0.1   2.2   0.0   2.3  16.1   18:56     S
20  22.1  29.7   16:16  17.6   05:44   0.0   4.1   0.0   4.9  32.2   18:45   NNW
21  21.1  28.2   16:35  14.4   06:48   0.2   3.9   0.0   5.9  30.6   17:52    NW
22  23.7  30.9   15:57  17.6   04:54   0.0   5.7   0.0   6.6  33.8   13:27    NW
23  21.0  24.4   15:17  15.8   23:55   0.0   3.1   0.4   8.2  41.8   20:44   NNW
24  17.0  24.8   15:41  12.7   06:43   0.8   1.1   0.0   8.2  30.6   02:47    SE
25  16.0  19.4   13:05  12.9   23:59   1.0   0.2   0.0   3.3  22.5   14:35   NNW
26  16.9  23.6   15:37  12.5   00:30   1.2   1.2   0.8   7.1  29.0   13:48    NW
27  15.7  20.8   13:25  12.7   08:04   1.2   0.3   0.0   5.6  30.6   14:19    NW
28  15.0  18.6   19:16   9.9   05:53   1.8   0.0   4.0   8.1  33.8   17:40   NNW
----------------------------------------------------------------------------------
    18.4  30.9     8     8.1    13    21.3  54.8  14.6   6.2  41.8    23     NNW

Max >=  20.0: 26
Max <=  19.0:  1
Min <=   5.0:  0
Min <=   0.0:  0
Max Rain: 9.2 on day 14
Days of Rain: 5 (>= 0.2 mm)  2 (>= 2.0 mm)  0 (>= 20.0 mm)
Heat Base: 16.0  Cool Base: 18.0  Method: Integration