Your own page

Select a Year or Month report
V/Λ2018 > Jan Feb Mar Apr May Jun Jul Aug Sep Oct Nov Dec
V/Λ2017 > Jan Feb Mar Apr May Jun Jul Aug Sep Oct Nov Dec
V/Λ2016 > Jan Feb Mar Apr May Jun Jul Aug Sep Oct Nov Dec
V/Λ2015 > Jan Feb Mar Apr May Jun Jul Aug Sep Oct Nov Dec
V/Λ2014 > Jan Feb Mar Apr May Jun Jul Aug Sep Oct Nov Dec
V/Λ2013 > Jan Feb Mar Apr May Jun Jul Aug Sep Oct Nov Dec

Report for 2015 Jan
                   Monthly Climatological Summary for Jan 2015

Name: Summerhill   City: Launceston   State: Tasmania
Elevation: 177 m  Lat: S 41 27' 41"   Lon: E 147 07' 42"

                  Temperature (C), Rain (mm), Wind Speed (km/h)

                                      Heat  Cool        Avg
    Mean                              Deg   Deg         Wind                 Dom
Day Temp  High   Time   Low    Time   Days  Days  Rain  Speed High   Time    Dir
----------------------------------------------------------------------------------
 1  16.4  24.8   16:21  11.4   03:13   1.5   1.2   0.0  10.8  37.0   16:32   NNW
 2  18.5  25.4   17:08   9.6   05:32   1.4   2.7   0.0   5.8  35.4   13:27   NNW
 3  23.7  31.4   16:17  16.1   06:20   0.0   6.0   2.0   9.8  45.1   11:20   NNW
 4  21.1  29.3   17:46  15.8   23:57   0.0   3.4   1.4   5.8  27.4   04:51    NW
 5  17.9  21.1   12:45  14.9   05:48   0.2   1.0   0.0   6.6  24.1   15:29   NNW
 6  19.0  27.0   13:40  11.8   04:55   0.9   2.6   0.0   5.2  32.2   16:42    NW
 7  20.4  28.3   16:37  11.2   05:30   0.9   4.0   0.0   5.9  30.6   13:54   NNW
 8  19.0  21.8   10:08  16.4   23:56   0.0   1.1   6.0   7.7  38.6   15:30   NNW
 9  17.1  22.2   12:06  13.4   06:43   0.7   0.8   0.0   5.8  24.1   08:08   SSE
10  16.7  24.3   14:59  12.5   01:21   1.2   1.1   0.0   8.3  27.4   08:36     S
11  18.7  25.4   15:05  14.8   03:46   0.3   1.9   0.0   5.6  30.6   17:14   NNW
12  18.4  25.1   16:24  12.6   06:05   0.5   1.8   0.0   6.6  30.6   18:11    NW
13  17.2  21.6   13:21  12.7   03:37   0.7   0.7  18.0   4.1  25.7   20:10   SSE
14  20.9  26.9   14:39  17.4   01:39   0.0   3.0   8.4   5.0  40.2   18:12     S
15  19.7  25.2   15:29  13.9   06:40   0.2   2.4   0.0   4.4  33.8   16:10     W
16  14.6  18.6   13:36  10.8   04:53   1.9   0.0   0.2  16.0  67.6   15:41    NW
17  14.1  18.2   14:46  10.1   06:26   2.3   0.0   0.0  15.7  61.2   14:57    NW
18  14.2  21.4   16:39   9.3   05:38   2.6   0.3   0.0   7.1  40.2   01:13     W
19  13.4  20.6   14:46   5.5   06:06   3.5   0.3   0.0   6.5  32.2   16:27   NNW
20  16.6  23.1   15:34   8.2   04:49   2.2   1.6   0.0   4.7  33.8   13:01     N
21  22.0  27.8   15:40  17.5   05:55   0.0   4.0   0.0   6.4  32.2   15:45   NNW
22  21.8  27.6   13:54  18.7   06:04   0.0   3.8   0.0   7.5  35.4   13:46   NNW
23  20.2  25.1   14:33  15.1   23:51   0.0   2.4   0.2  11.3  41.8   15:37   NNW
24  16.0  20.2   16:25  12.7   05:33   1.0   0.3   0.0   9.8  37.0   14:17   NNW
25  14.0  17.7   12:42   9.3   23:42   2.0   0.0   1.0  11.0  45.1   17:02    NW
26  14.4  23.2   15:52   6.5   06:00   3.2   0.8   0.0   3.5  17.7   11:23   NNW
27  16.1  25.1   15:39   8.5   06:33   1.9   1.2   0.0   2.9  27.4   17:39   SSE
28  15.0  21.3   16:21   9.7   06:36   2.3   0.6   0.0  11.9  38.6   18:35   SSE
29  14.2  20.6   14:06   9.6   04:39   2.7   0.3   0.0  12.5  40.2   18:21   SSE
30  14.2  19.5   14:43  11.1   03:15   2.2   0.1   0.0  13.5  41.8   09:40   SSE
31  15.4  20.1   13:02  11.4   05:01   1.6   0.2   0.0   7.6  35.4   11:14   SSE
----------------------------------------------------------------------------------
    17.4  31.4     3     5.5    19    37.9  49.6  37.2   7.9  67.6    16      NW

Max >=  20.0: 27
Max <=  19.0:  3
Min <=   5.0:  0
Min <=   0.0:  0
Max Rain: 18.0 on day 13
Days of Rain: 8 (>= 0.2 mm)  4 (>= 2.0 mm)  0 (>= 20.0 mm)
Heat Base: 16.0  Cool Base: 18.0  Method: Integration