Your own page

Select a Year or Month report
V/Λ2018 > Jan Feb Mar Apr May Jun Jul Aug Sep Oct Nov Dec
V/Λ2017 > Jan Feb Mar Apr May Jun Jul Aug Sep Oct Nov Dec
V/Λ2016 > Jan Feb Mar Apr May Jun Jul Aug Sep Oct Nov Dec
V/Λ2015 > Jan Feb Mar Apr May Jun Jul Aug Sep Oct Nov Dec
V/Λ2014 > Jan Feb Mar Apr May Jun Jul Aug Sep Oct Nov Dec
V/Λ2013 > Jan Feb Mar Apr May Jun Jul Aug Sep Oct Nov Dec

Report for 2015
                   Annual Climatological Summary for 2015

Name: Summerhill   City: Launceston   State: Tasmania
Elevation: 177 m  Lat: S 41 27' 41"   Lon: E 147 07' 42"

                  Temperature (C), Heat Base: 16.0  Cool Base: 18.0
                          Dep.  Heat  Cool                       Max  Max  Min  Min
        Mean  Mean        From  Deg   Deg                        >=   <=   <=   <=
 YR MO  Max   Min   Mean  Norm  Days  Days  Hi  Date  Low  Date 20.0 19.0  5.0   0.0
------------------------------------------------------------------------------------
 15  1  23.5  12.2  17.4  -0.9    37    49  31.4   3   5.5   19   27    3    0    0
 15  2  24.7  13.2  18.4   0.0    21    54  30.9   8   8.1   13   26    1    0    0
 15  3  19.2   9.5  14.1  -2.3    80     7  23.4   1   4.9   21   12   14    1    0
 15  4  18.4   7.1  12.2  -1.1   123     3  21.6   9   0.8   20    8   19    8    0
 15  5  14.2   6.0   9.8  -0.6   191     0  18.7   2  -0.2   23    0   31    9    2
 15  6  11.8   3.5   7.3  -0.7   259     0  14.9  12  -1.7   21    0   30   18    9
 15  7  11.2   2.7   6.6  -0.9   196     0  14.9   4  -1.7   18    0   21   13    5
 15  8
 15  9
 15 10
 15 11
 15 12
------------------------------------------------------------------------------------
        17.6   7.7  12.3  -0.9   910   114  31.4 Jan  -1.7  Jun   73  119   49   16

                                Precipitation (mm)

              Dep.   Max        Days of Rain
              From   Obs.           >=
 YR MO Total  Norm   Day Date  0.2  2.0 20.0
---------------------------------------------
 15  1  37.2  -7.5  18.0  13     8    4    0
 15  2  14.6 -24.1   9.2  14     5    2    0
 15  3  36.4  -1.7  14.8  26     8    5    0
 15  4  19.4 -35.1  11.8  24    10    2    0
 15  5  63.0   3.0  23.8   5    12    4    2
 15  6  24.0 -37.5   7.6  16    10    4    0
 15  7  12.0 -64.7   4.6   5     8    2    0
 15  8
 15  9
 15 10
 15 11
 15 12
---------------------------------------------
       206.6-167.6  23.8  May   61   23    2

                                Wind Speed (km/h)
                          Dom
 YR MO   Avg.  Hi   Date  Dir
------------------------------
 15  1   7.9  67.6   16    NW
 15  2   6.2  41.8   23   NNW
 15  3   7.7  49.9    6    NW
 15  4   4.7  51.5    8   SSW
 15  5   8.1  69.2   30    NW
 15  6   5.9  80.5    8   NNW
 15  7   5.0  64.4    1    NW
 15  8
 15  9
 15 10
 15 11
 15 12
------------------------------
         6.5  80.5  Jun    NW