Your own page

Select a Year or Month report
V/Λ2018 > Jan Feb Mar Apr May Jun Jul Aug Sep Oct Nov Dec
V/Λ2017 > Jan Feb Mar Apr May Jun Jul Aug Sep Oct Nov Dec
V/Λ2016 > Jan Feb Mar Apr May Jun Jul Aug Sep Oct Nov Dec
V/Λ2015 > Jan Feb Mar Apr May Jun Jul Aug Sep Oct Nov Dec
V/Λ2014 > Jan Feb Mar Apr May Jun Jul Aug Sep Oct Nov Dec
V/Λ2013 > Jan Feb Mar Apr May Jun Jul Aug Sep Oct Nov Dec

Report for 2014 Dec
                   Monthly Climatological Summary for Dec 2014

Name: Summerhill   City: Launceston   State: Tasmania
Elevation: 177 m  Lat: S 41 27' 41"   Lon: E 147 07' 42"

                  Temperature (C), Rain (mm), Wind Speed (km/h)

                                      Heat  Cool        Avg
    Mean                              Deg   Deg         Wind                 Dom
Day Temp  High   Time   Low    Time   Days  Days  Rain  Speed High   Time    Dir
----------------------------------------------------------------------------------
 1  16.8  23.1   11:02  14.4   05:08   0.6   0.7   5.8   7.3  33.8   14:53    NW
 2  15.8  19.4   14:25  13.5   04:45   0.9   0.1   0.0   8.8  33.8   13:31   NNW
 3  17.3  24.1   13:06  13.7   03:46   0.9   1.3   0.4   3.8  27.4   14:26   WNW
 4  14.4  17.0   17:29  13.2   23:58   1.6   0.0   6.6   6.3  24.1   14:48     S
 5  15.6  23.8   13:08  11.6   03:52   1.7   0.7   7.6   3.8  27.4   15:18   NNW
 6  15.0  23.1   15:06  10.0   23:58   2.5   0.9   2.0  11.6  37.0   16:17   SSE
 7  12.3  18.8   12:43   8.9   05:08   3.7   0.0   0.8  14.4  46.7   10:00   SSE
 8  15.6  21.2   16:24  10.7   00:01   1.8   0.5   0.0   6.1  29.0   17:10    NW
 9  16.2  22.9   13:58  11.8   22:13   1.2   0.7   3.6   7.7  30.6   17:33   SSE
10  15.4  21.8   15:18  11.2   03:20   1.9   0.6  20.2   3.1  24.1   17:54    NW
11  17.0  26.3   16:43  11.5   05:16   1.4   1.6   0.0   5.9  33.8   17:40   WSW
12  15.7  20.4   16:39  11.5   02:55   1.1   0.2   0.6   6.5  25.7   15:00   NNW
13  17.0  21.8   15:04  13.3   06:09   0.8   0.9   0.0   9.8  38.6   16:13   NNW
14  18.9  25.6   13:00  12.9   05:49   0.5   2.3   0.0   9.5  49.9   16:12   NNW
15  16.8  23.6   14:30  11.2   06:00   1.4   1.4   0.0   7.2  35.4   15:58    NW
16  15.8  24.2   11:54  11.4   23:57   2.0   1.0   0.4   9.8  53.1   18:34   NNW
17  13.5  17.8   17:11   8.4   06:23   2.8   0.0   0.0   8.6  33.8   17:14   NNW
18  12.9  17.4   14:10   9.6   04:10   3.2   0.0   0.6   8.9  40.2   13:55   NNW
19  13.1  20.1   15:27   5.7   05:54   3.5   0.1   0.0   3.3  25.7   19:11    NW
20  17.5  26.0   17:00  11.3   03:24   1.5   2.0   0.0   6.9  30.6   09:07    NW
21  15.8  21.5   13:05  11.0   05:41   1.4   0.5   0.0   9.2  46.7   13:47   NNW
22  18.5  22.9   14:26  12.4   06:19   0.7   1.9   0.0   3.2  24.1   11:16    NW
23  18.1  22.1   10:31  14.0   23:57   0.1   0.9   0.8   6.7  38.6   11:31   NNW
24  15.7  20.8   15:07  10.6   03:40   1.6   0.5   0.0   7.3  33.8   17:12   NNW
25  15.4  20.8   16:00  12.2   08:39   1.6   0.4   1.4   8.0  41.8   16:56   NNW
26  15.9  22.5   16:30  11.3   07:48   1.6   0.7   0.0   4.8  25.7   14:16   SSW
27  15.2  20.9   16:20   9.3   03:08   2.1   0.5   0.0  11.4  41.8   14:30   NNW
28  17.7  24.1   16:15  11.7   05:47   1.1   1.7   0.0  10.0  37.0   13:06   NNW
29  16.2  24.6   10:30  11.4   23:29   1.3   0.9   1.6   9.6  61.2   15:13   NNW
30  14.0  19.3   13:29  10.0   23:59   2.6   0.0   0.6  10.7  49.9   11:08    NW
31  13.6  19.8   15:30   7.1   05:15   3.2   0.1   0.0   8.7  43.5   16:12   NNW
----------------------------------------------------------------------------------
    15.8  26.3    11     5.7    19    52.3  23.1  53.0   7.7  61.2    29      NW

Max >=  20.0: 24
Max <=  19.0:  4
Min <=   5.0:  0
Min <=   0.0:  0
Max Rain: 20.2 on day 10
Days of Rain: 15 (>= 0.2 mm)  6 (>= 2.0 mm)  1 (>= 20.0 mm)
Heat Base: 16.0  Cool Base: 18.0  Method: Integration