Your own page

Select a Year or Month report
V/Λ2018 > Jan Feb Mar Apr May Jun Jul Aug Sep Oct Nov Dec
V/Λ2017 > Jan Feb Mar Apr May Jun Jul Aug Sep Oct Nov Dec
V/Λ2016 > Jan Feb Mar Apr May Jun Jul Aug Sep Oct Nov Dec
V/Λ2015 > Jan Feb Mar Apr May Jun Jul Aug Sep Oct Nov Dec
V/Λ2014 > Jan Feb Mar Apr May Jun Jul Aug Sep Oct Nov Dec
V/Λ2013 > Jan Feb Mar Apr May Jun Jul Aug Sep Oct Nov Dec

Report for 2014 Nov
                   Monthly Climatological Summary for Nov 2014

Name: Summerhill   City: Launceston   State: Tasmania
Elevation: 177 m  Lat: S 41 27' 41"   Lon: E 147 07' 42"

                  Temperature (C), Rain (mm), Wind Speed (km/h)

                                      Heat  Cool        Avg
    Mean                              Deg   Deg         Wind                 Dom
Day Temp  High   Time   Low    Time   Days  Days  Rain  Speed High   Time    Dir
----------------------------------------------------------------------------------
 1  11.3  15.4   13:25   4.2   23:50   4.7   0.0   1.0  12.0  56.3   15:28    NW
 2   8.6  14.3   15:37   3.1   01:32   7.4   0.0   0.0   5.3  30.6   12:07     W
 3  10.3  19.2   14:59   2.1   05:24   6.0   0.0   0.0   4.5  29.0   19:13   NNW
 4  13.9  19.6   14:07   8.7   03:04   2.8   0.1   0.0   5.1  33.8   13:14   NNW
 5  14.1  20.7   14:00  10.7   23:57   2.4   0.2   0.6   7.5  33.8   15:06   SSE
 6  13.0  18.1   13:03   7.9   05:53   3.2   0.0   0.0   6.4  32.2   15:21   NNW
 7  14.9  21.0   15:40   9.8   04:25   2.3   0.5   0.0  10.4  35.4   13:19   NNW
 8  17.9  24.8   13:16  12.6   06:11   1.0   1.8   1.0   8.5  48.3   13:11   NNW
 9  13.8  18.4   15:08   9.7   04:06   2.7   0.0   0.0   9.3  35.4   16:38    NW
10  14.0  21.1   16:00   8.5   03:38   3.1   0.5   0.0   8.9  35.4   09:07   WNW
11  13.1  22.3   17:21   5.1   05:34   4.0   0.5   0.0   3.8  19.3   11:05     W
12  12.6  19.4   14:03   5.7   05:39   3.8   0.1   0.0   5.8  25.7   12:03    NW
13  14.8  20.9   17:10   7.6   05:46   2.5   0.5   0.0   7.5  32.2   14:05    NW
14  15.7  21.4   15:38   9.0   23:58   1.5   0.6   0.0   5.7  29.0   13:23   WSW
15  13.3  21.1   15:42   4.2   06:04   3.9   0.5   0.0   4.0  24.1   15:52   NNW
16  14.3  19.8   17:36  10.3   05:58   2.3   0.2   0.0   8.2  49.9   20:39    NW
17  13.2  18.8   14:56   8.8   05:32   3.1   0.0   0.0  10.4  38.6   11:51    NW
18  14.4  20.7   16:34   9.1   05:58   2.7   0.4   0.0  10.6  41.8   13:05    NW
19  13.0  17.9   12:11   7.8   06:01   3.2   0.0   0.0  10.9  45.1   14:22   NNW
20  15.1  20.3   15:10  11.9   06:34   1.4   0.2   2.8   8.5  43.5   17:13   NNW
21  15.5  20.6   16:30  11.2   23:56   1.4   0.3   0.0   9.4  33.8   18:06   NNW
22  14.3  19.6   13:23   8.9   04:24   2.4   0.1   0.0   9.4  38.6   13:51   NNW
23  16.3  21.6   15:31  12.1   03:51   1.3   0.7   0.8   9.0  45.1   17:22   NNW
24  12.7  14.9   09:06   8.9   23:51   3.3   0.0   1.6   5.4  24.1   21:39   NNW
25  13.0  19.4   13:50   8.5   04:26   3.5   0.1   0.0  12.4  45.1   15:57    NW
26  14.9  22.4   16:57   9.4   01:02   2.6   0.8   0.0   8.7  35.4   08:41   WNW
27  15.1  25.5   17:07   6.3   06:03   3.1   1.4   0.0   4.2  24.1   18:23    SW
28  14.4  20.9   14:02   8.0   04:22   2.7   0.4   0.0   5.8  25.7   10:51   NNW
29  16.4  23.8   15:01   9.1   05:16   1.9   1.4   0.0   4.9  32.2   16:42    NW
30  18.5  26.4   18:24  12.3   03:48   1.2   2.5   0.0   2.9  20.9   12:22     E
----------------------------------------------------------------------------------
    14.1  26.4    30     2.1     3    87.4  13.8   7.8   7.5  56.3     1      NW

Max >=  20.0: 17
Max <=  19.0:  7
Min <=   5.0:  4
Min <=   0.0:  0
Max Rain: 2.8 on day 20
Days of Rain: 6 (>= 0.2 mm)  1 (>= 2.0 mm)  0 (>= 20.0 mm)
Heat Base: 16.0  Cool Base: 18.0  Method: Integration