Your own page

Select a Year or Month report
V/Λ2018 > Jan Feb Mar Apr May Jun Jul Aug Sep Oct Nov Dec
V/Λ2017 > Jan Feb Mar Apr May Jun Jul Aug Sep Oct Nov Dec
V/Λ2016 > Jan Feb Mar Apr May Jun Jul Aug Sep Oct Nov Dec
V/Λ2015 > Jan Feb Mar Apr May Jun Jul Aug Sep Oct Nov Dec
V/Λ2014 > Jan Feb Mar Apr May Jun Jul Aug Sep Oct Nov Dec
V/Λ2013 > Jan Feb Mar Apr May Jun Jul Aug Sep Oct Nov Dec

Report for 2014 Oct
                   Monthly Climatological Summary for Oct 2014

Name: Summerhill   City: Launceston   State: Tasmania
Elevation: 177 m  Lat: S 41 27' 41"   Lon: E 147 07' 42"

                  Temperature (C), Rain (mm), Wind Speed (km/h)

                                      Heat  Cool        Avg
    Mean                              Deg   Deg         Wind                 Dom
Day Temp  High   Time   Low    Time   Days  Days  Rain  Speed High   Time    Dir
----------------------------------------------------------------------------------
 1   8.9  14.3   15:42   2.4   06:33   7.1   0.0   0.0   6.3  30.6   13:42    NW
 2  13.4  20.9   14:13   7.5   23:50   3.6   0.4   0.0   8.0  29.0   15:30   WNW
 3  10.0  17.4   14:19   3.3   05:42   6.0   0.0   0.0   5.0  25.7   13:32   NNW
 4  11.5  15.8   15:36   8.3   00:00   4.5   0.0   0.0  11.5  40.2   15:48   NNW
 5  13.9  20.1   17:37   9.4   07:12   2.6   0.1   0.0   7.3  38.6   03:09    NW
 6  11.1  15.4   23:21   5.8   06:31   4.9   0.0  12.2   6.9  56.3   23:01   NNW
 7  12.8  16.3   12:56   9.0   23:57   3.2   0.0   0.4  11.2  61.2   00:24    NW
 8  11.5  17.3   17:29   7.7   06:45   4.5   0.0   0.6   9.6  33.8   10:46   NNW
 9  11.9  16.4   12:31   8.4   02:02   4.1   0.0   0.0   8.5  35.4   14:17   NNW
10  12.9  17.6   17:23   8.6   04:32   3.3   0.0   0.0   6.7  29.0   12:27   NNW
11  13.0  17.1   13:29   9.4   06:31   3.0   0.0   0.0   9.0  41.8   15:53   NNW
12  11.6  15.4   13:16   9.3   02:01   4.4   0.0   0.0  12.0  43.5   16:04   NNW
13  10.9  16.9   13:41   6.3   23:30   5.2   0.0   0.0   8.5  37.0   16:11   SSE
14   9.9  18.3   15:57   1.9   06:43   6.4   0.0   0.0   6.0  27.4   13:19   SSE
15   9.9  16.2   14:11   2.7   06:37   6.1   0.0   0.0   5.0  37.0   15:59   NNW
16  11.3  17.7   12:01   6.5   23:32   4.6   0.0   0.6   9.4  37.0   12:14    SE
17   9.9  15.8   14:50   4.1   06:37   6.0   0.0   0.0   5.8  33.8   17:07   NNW
18  11.8  15.8   14:29   8.9   01:57   4.2   0.0   0.0   8.3  33.8   15:19    NW
19  13.5  18.7   14:54   7.3   23:56   2.9   0.0   0.2  10.1  33.8   13:45    NW
20   9.8  16.8   15:08   3.8   05:14   6.3   0.0   0.2   6.3  29.0   09:05   SSW
21  11.7  18.2   16:10   6.3   06:28   4.6   0.0   0.0   5.5  29.0   18:26    NW
22  14.6  22.8   15:30   7.7   01:54   2.9   0.8   0.0   6.0  33.8   18:07    NW
23  15.4  23.3   15:08   8.3   23:54   2.2   0.9   0.0  11.3  38.6   10:16   SSE
24  11.7  16.5   15:29   5.1   03:56   4.2   0.0   0.0   2.2  14.5   06:54   SSW
25  16.1  22.1   12:04  11.2   05:53   1.5   0.9   0.0   5.8  33.8   16:58   NNW
26  13.7  18.6   16:57  11.1   05:56   2.5   0.0   0.8   4.7  27.4   18:23    NW
27  13.2  17.0   13:52   7.9   23:31   2.8   0.0  11.6  11.2  43.5   14:09    NW
28  10.3  13.3   15:17   7.3   23:26   5.7   0.0   1.0  16.8  57.9   04:22    NW
29  10.9  16.1   18:01   5.3   05:01   5.1   0.0   0.0  11.6  40.2   15:28   NNW
30  12.9  16.9   14:58   8.9   05:51   3.2   0.0   0.0  11.9  41.8   11:42   NNW
31  12.0  16.0   17:25   9.2   05:09   4.0   0.0   0.0   8.4  32.2   11:40   NNW
----------------------------------------------------------------------------------
    12.0  23.3    23     1.9    14   131.6   3.1  27.6   8.3  61.2     7      NW

Max >=  20.0:  5
Max <=  19.0: 26
Min <=   5.0:  6
Min <=   0.0:  0
Max Rain: 12.2 on day 6
Days of Rain: 9 (>= 0.2 mm)  2 (>= 2.0 mm)  0 (>= 20.0 mm)
Heat Base: 16.0  Cool Base: 18.0  Method: Integration