Your own page

Select a Year or Month report
V/Λ2018 > Jan Feb Mar Apr May Jun Jul Aug Sep Oct Nov Dec
V/Λ2017 > Jan Feb Mar Apr May Jun Jul Aug Sep Oct Nov Dec
V/Λ2016 > Jan Feb Mar Apr May Jun Jul Aug Sep Oct Nov Dec
V/Λ2015 > Jan Feb Mar Apr May Jun Jul Aug Sep Oct Nov Dec
V/Λ2014 > Jan Feb Mar Apr May Jun Jul Aug Sep Oct Nov Dec
V/Λ2013 > Jan Feb Mar Apr May Jun Jul Aug Sep Oct Nov Dec

Report for 2014 Sep
                   Monthly Climatological Summary for Sep 2014

Name: Summerhill   City: Launceston   State: Tasmania
Elevation: 177 m  Lat: S 41 27' 41"   Lon: E 147 07' 42"

                  Temperature (C), Rain (mm), Wind Speed (km/h)

                                      Heat  Cool        Avg
    Mean                              Deg   Deg         Wind                 Dom
Day Temp  High   Time   Low    Time   Days  Days  Rain  Speed High   Time    Dir
----------------------------------------------------------------------------------
 1  10.8  12.6   03:31   6.7   23:49   5.2   0.0   6.4   9.8  33.8   13:57   NNW
 2   8.7  15.6   14:33   4.5   07:11   7.3   0.0   0.2   7.1  27.4   03:27   SSE
 3   8.7  17.3   15:44   2.0   07:05   7.4   0.0   0.2   1.5  12.9   10:38     S
 4   9.3  17.3   15:30   3.2   05:55   6.8   0.0   0.0   1.6  16.1   14:10    SE
 5   8.8  15.8   14:00   2.6   06:35   7.2   0.0   0.2   4.4  30.6   14:38   NNW
 6   9.8  16.2   15:22   6.1   07:15   6.2   0.0   0.2   4.3  24.1   16:43   NNW
 7  10.8  17.3   15:01   6.2   06:39   5.3   0.0   0.0   4.8  22.5   14:15   NNW
 8  11.7  17.9   15:35   4.9   01:07   4.4   0.0   0.0   6.8  38.6   19:40   NNW
 9  12.2  14.7   14:42  10.1   22:44   3.8   0.0  15.0  14.0  49.9   08:26   NNW
10  11.4  15.2   13:29   9.1   04:51   4.6   0.0   1.8  14.0  62.8   23:46   NNW
11   9.3  12.9   15:13   4.8   23:05   6.5   0.0   0.0  10.6  59.5   00:01    NW
12   8.8  15.4   14:22   3.6   05:30   7.2   0.0   0.0   6.3  29.0   14:54   NNW
13  10.3  14.9   13:05   7.3   05:37   5.7   0.0   0.0   9.1  35.4   15:33   NNW
14  11.5  18.7   14:14   5.6   23:38   4.8   0.0   0.0   6.7  25.7   05:42   WNW
15   9.1  16.0   13:46   2.8   06:39   6.9   0.0   0.0   3.3  24.1   08:47     W
16   8.0  12.0   11:22   5.1   22:59   8.0   0.0  10.6   1.0  12.9   11:04     S
17   7.5  12.7   12:49   4.9   21:05   8.5   0.0   0.0   4.3  32.2   16:15   WNW
18   8.8  15.6   15:17   3.0   02:19   7.2   0.0   0.0   3.1  29.0   14:16     W
19  10.6  16.2   11:25   6.2   06:35   5.4   0.0   0.0   3.8  24.1   11:28    NW
20  11.6  19.6   15:40   5.8   06:25   4.7   0.1   0.0   2.6  24.1   16:55    SW
21  11.4  19.7   15:35   4.1   05:48   5.2   0.2   0.0   2.1  19.3   18:42     N
22  10.7  16.8   13:28   5.6   05:47   5.3   0.0   0.0   8.2  33.8   16:42   NNW
23  12.7  19.8   14:30   5.5   05:46   3.9   0.2   0.0   7.8  30.6   11:38   NNW
24  11.7  19.2   13:29   6.3   05:15   4.6   0.1   0.6   3.0  27.4   14:18   NNW
25  12.8  20.4   13:14   7.2   05:43   4.0   0.3   0.0   4.2  33.8   16:09   NNW
26  12.2  19.8   14:47   5.7   05:55   4.4   0.1   0.0   3.3  29.0   13:38   NNW
27  10.7  15.5   13:16   5.3   05:10   5.3   0.0   0.0   6.8  32.2   13:35   NNW
28  14.8  19.2   11:14  10.5   00:00   1.8   0.0   0.4  13.1  43.5   10:53   NNW
29  12.5  15.8   13:35   9.8   06:27   3.5   0.0   0.8  16.3  45.1   03:45   NNW
30  10.3  12.9   08:26   4.8   23:56   5.7   0.0   4.6  15.3  54.7   11:25   NNW
----------------------------------------------------------------------------------
    10.6  20.4    25     2.0     3   166.8   1.0  41.0   6.6  62.8    10      NW

Max >=  20.0:  1
Max <=  19.0: 23
Min <=   5.0: 12
Min <=   0.0:  0
Max Rain: 15.0 on day 9
Days of Rain: 12 (>= 0.2 mm)  4 (>= 2.0 mm)  0 (>= 20.0 mm)
Heat Base: 16.0  Cool Base: 18.0  Method: Integration