Your own page

Select a Year or Month report
V/Λ2018 > Jan Feb Mar Apr May Jun Jul Aug Sep Oct Nov Dec
V/Λ2017 > Jan Feb Mar Apr May Jun Jul Aug Sep Oct Nov Dec
V/Λ2016 > Jan Feb Mar Apr May Jun Jul Aug Sep Oct Nov Dec
V/Λ2015 > Jan Feb Mar Apr May Jun Jul Aug Sep Oct Nov Dec
V/Λ2014 > Jan Feb Mar Apr May Jun Jul Aug Sep Oct Nov Dec
V/Λ2013 > Jan Feb Mar Apr May Jun Jul Aug Sep Oct Nov Dec

Report for 2014 Aug
                   Monthly Climatological Summary for Aug 2014

Name: Summerhill   City: Launceston   State: Tasmania
Elevation: 177 m  Lat: S 41 27' 41"   Lon: E 147 07' 42"

                  Temperature (C), Rain (mm), Wind Speed (km/h)

                                      Heat  Cool        Avg
    Mean                              Deg   Deg         Wind                 Dom
Day Temp  High   Time   Low    Time   Days  Days  Rain  Speed High   Time    Dir
----------------------------------------------------------------------------------
 1   5.1  10.1   12:50   2.7   23:58  10.9   0.0   1.2   8.0  37.0   04:35    NW
 2   4.9  11.3   14:33  -0.6   06:38  11.0   0.0   0.0   3.0  22.5   11:56   NNW
 3   6.5  11.0   12:59   0.9   04:07   9.5   0.0   0.0   8.1  40.2   13:18   NNW
 4  10.3  13.4   14:26   8.0   01:11   5.7   0.0   0.0  13.7  35.4   09:07   NNW
 5  10.7  14.8   15:13   8.0   06:35   5.3   0.0   0.0  12.6  33.8   15:46   NNW
 6  10.2  13.6   13:50   8.0   22:41   5.8   0.0   0.0  14.8  46.7   12:43   NNW
 7   6.7  11.1   13:30   2.3   07:18   9.3   0.0   0.0   4.1  17.7   03:14   NNW
 8   7.2  12.9   15:04   1.6   03:05   8.8   0.0   0.0   5.3  25.7   16:46   NNW
 9  10.2  12.5   12:47   9.1   04:46   5.8   0.0   3.6  11.9  35.4   12:25   NNW
10   6.7  10.5   14:40   2.6   23:53   9.3   0.0   0.0   4.9  29.0   15:18   WNW
11   4.8  12.0   14:58  -0.9   06:55  11.2   0.0   0.0   1.7  19.3   15:16   SSW
12   5.3  13.7   14:22  -0.6   06:32  10.7   0.0   0.0   0.9  14.5   14:23   SSE
13   7.6  14.9   15:13   1.4   07:21   8.4   0.0   0.0   1.2  14.5   16:01     N
14   8.2  14.7   13:39   1.7   06:54   7.5   0.0   0.0   2.9  17.7   16:46   NNW
15   9.0  11.2   12:57   6.4   23:23   7.0   0.0   0.0   5.9  27.4   13:04   NNW
16   7.8  15.3   16:43   2.2   06:22   8.2   0.0   0.0   2.1  17.7   14:03   SSW
17   9.1  15.4   16:57   4.8   07:30   6.7   0.0   0.0   0.9  12.9   12:23   SSW
18   8.3  14.8   14:47   3.2   23:59   7.7   0.0   0.0   3.5  25.7   10:21   SSE
19   7.2  15.3   14:36   0.4   07:00   8.8   0.0   0.0   1.1  12.9   12:26    SE
20   8.8  16.2   16:05   2.8   07:17   7.2   0.0   0.0   1.4  16.1   10:40   SSE
21   8.9  16.6   13:22   2.3   06:33   7.1   0.0   0.0   1.6  14.5   14:15     W
22  10.3  15.8   15:08   6.7   03:30   5.7   0.0   0.0   2.4  24.1   13:15   NNW
23  11.3  16.1   13:21   6.1   07:07   4.7   0.0   0.2   3.5  27.4   14:43   NNW
24  10.0  12.8   16:02   6.7   23:51   6.0   0.0   6.2   1.7  32.2   07:26   NNW
25  10.2  18.3   15:59   3.7   04:21   5.9   0.0   0.0   1.9  16.1   13:30     S
26  11.1  18.7   13:42   3.9   07:06   5.2   0.0   0.0   2.9  17.7   13:48    NW
27  11.4  16.7   13:39   7.4   07:10   4.6   0.0   0.0   4.1  30.6   12:46   NNW
28  10.4  15.8   14:07   6.4   06:35   5.6   0.0   0.0   3.8  27.4   14:25   NNW
29  10.6  17.1   15:11   4.8   07:06   5.3   0.0   0.0   2.4  16.1   13:35    NW
30   9.9  16.0   14:01   5.7   03:24   6.1   0.0   0.0   3.6  27.4   13:31   NNW
31  10.8  14.9   15:32   6.2   01:45   5.2   0.0   0.0   4.9  20.9   14:37    NW
----------------------------------------------------------------------------------
     8.7  18.7    26    -0.9    11   226.2   0.0  11.2   4.6  46.7     6     NNW

Max >=  20.0:  0
Max <=  19.0: 31
Min <=   5.0: 19
Min <=   0.0:  3
Max Rain: 6.2 on day 24
Days of Rain: 4 (>= 0.2 mm)  2 (>= 2.0 mm)  0 (>= 20.0 mm)
Heat Base: 16.0  Cool Base: 18.0  Method: Integration