Your own page

Select a Year or Month report
V/Λ2018 > Jan Feb Mar Apr May Jun Jul Aug Sep Oct Nov Dec
V/Λ2017 > Jan Feb Mar Apr May Jun Jul Aug Sep Oct Nov Dec
V/Λ2016 > Jan Feb Mar Apr May Jun Jul Aug Sep Oct Nov Dec
V/Λ2015 > Jan Feb Mar Apr May Jun Jul Aug Sep Oct Nov Dec
V/Λ2014 > Jan Feb Mar Apr May Jun Jul Aug Sep Oct Nov Dec
V/Λ2013 > Jan Feb Mar Apr May Jun Jul Aug Sep Oct Nov Dec

Report for 2014 Jul
                   Monthly Climatological Summary for Jul 2014

Name: Summerhill   City: Launceston   State: Tasmania
Elevation: 177 m  Lat: S 41 27' 41"   Lon: E 147 07' 42"

                  Temperature (C), Rain (mm), Wind Speed (km/h)

                                      Heat  Cool        Avg
    Mean                              Deg   Deg         Wind                 Dom
Day Temp  High   Time   Low    Time   Days  Days  Rain  Speed High   Time    Dir
----------------------------------------------------------------------------------
 1   5.8   9.7   15:47   2.2   04:08  10.2   0.0   0.0   1.9  17.7   12:59     N
 2   7.6  13.9   14:24   1.0   05:40   8.4   0.0   0.0   6.2  29.0   11:41   NNW
 3  11.0  13.7   14:10   9.7   20:22   5.0   0.0   0.0  11.0  43.5   11:54   NNW
 4   9.8  11.1   11:00   9.0   03:54   6.2   0.0   5.4   8.4  29.0   11:47   NNW
 5   9.4  15.3   14:36   6.8   23:49   6.6   0.0   2.8   1.7  16.1   14:24   SSE
 6   8.1  11.6   11:08   5.6   06:08   7.9   0.0   1.2   3.4  22.5   01:47   SSE
 7   9.7  15.0   13:14   6.1   00:51   6.3   0.0   1.0   1.9  19.3   21:33    NW
 8  10.3  12.9   14:40   7.9   21:30   5.7   0.0   0.6   6.1  30.6   14:25   NNW
 9   8.1  11.4   11:47   5.6   23:52   7.9   0.0   3.2   1.1  22.5   12:34    NW
10   7.9  15.3   15:26   3.7   07:18   8.1   0.0   0.2   0.9  17.7   12:28   SSE
11   9.0  12.8   13:00   5.8   07:17   6.8   0.0   0.6  10.9  37.0   12:24   NNW
12   6.2  11.1   15:12   1.9   07:37   9.8   0.0   0.2   1.8  29.0   12:43   SSW
13   6.2  12.8   15:22   0.8   05:24   9.8   0.0   0.0   2.7  17.7   11:39   NNW
14   5.4  12.0   14:53  -0.3   07:53  10.6   0.0   0.2   0.4   9.7   11:35   SSE
15   8.0  12.7   13:32   4.6   06:44   8.0   0.0   2.4   3.1  25.7   23:17   NNW
16   9.5  11.6   12:32   8.7   07:34   6.5   0.0   5.2  10.2  37.0   14:32   NNW
17   7.2  10.6   02:09   4.4   19:08   8.8   0.0  11.6   8.1  53.1   10:47    NW
18   7.7  12.1   14:04   4.8   22:36   8.3   0.0   0.2   9.5  40.2   04:17     S
19   6.2  14.5   15:40   1.9   03:29   9.8   0.0   0.0   0.5  11.3   09:54   SSE
20   5.5  13.3   13:59  -0.2   08:16  10.5   0.0   0.0   0.9  11.3   01:50   SSE
21   4.5  11.7   14:12  -0.5   06:37  11.5   0.0   0.0   0.5   6.4   10:16   SSE
22   5.6  12.5   14:37   0.8   02:34  10.4   0.0   0.0   0.9   9.7   09:48   SSE
23   6.2  14.9   14:31   0.2   07:26   9.8   0.0   0.0   0.5   8.0   14:41     S
24   7.2  12.7   15:25   2.9   07:55   8.8   0.0   0.0   1.6  12.9   14:59   SSE
25   8.8  14.3   13:41   4.9   07:52   7.2   0.0   0.0   0.4   8.0   15:51   SSE
26  10.1  16.9   14:13   6.4   07:23   5.9   0.0   0.0   0.1  11.3   13:04   SSE
27   7.8  11.8   14:24   2.8   06:21   8.2   0.0   0.8   6.2  29.0   16:01   NNW
28  10.5  11.5   14:11   8.8   19:14   5.5   0.0   7.2  14.5  41.8   13:43   NNW
29  11.0  13.0   18:12   8.9   01:38   5.0   0.0  13.2  23.2  69.2   14:28    NW
30  11.1  12.5   11:21   8.7   06:10   4.9   0.0   3.6  22.5  64.4   20:06    NW
31   9.5  12.8   11:30   4.1   23:59   6.2   0.0  15.2  26.3  80.5   09:53    NW
----------------------------------------------------------------------------------
     8.1  16.9    26    -0.5    21   244.6   0.0  74.8   5.9  80.5    31     NNW

Max >=  20.0:  0
Max <=  19.0: 31
Min <=   5.0: 18
Min <=   0.0:  3
Max Rain: 15.2 on day 31
Days of Rain: 19 (>= 0.2 mm)  10 (>= 2.0 mm)  0 (>= 20.0 mm)
Heat Base: 16.0  Cool Base: 18.0  Method: Integration