Your own page

Select a Year or Month report
V/Λ2018 > Jan Feb Mar Apr May Jun Jul Aug Sep Oct Nov Dec
V/Λ2017 > Jan Feb Mar Apr May Jun Jul Aug Sep Oct Nov Dec
V/Λ2016 > Jan Feb Mar Apr May Jun Jul Aug Sep Oct Nov Dec
V/Λ2015 > Jan Feb Mar Apr May Jun Jul Aug Sep Oct Nov Dec
V/Λ2014 > Jan Feb Mar Apr May Jun Jul Aug Sep Oct Nov Dec
V/Λ2013 > Jan Feb Mar Apr May Jun Jul Aug Sep Oct Nov Dec

Report for 2014 Jun
                   Monthly Climatological Summary for Jun 2014

Name: Summerhill   City: Launceston   State: Tasmania
Elevation: 177 m  Lat: S 41 27' 41"   Lon: E 147 07' 42"

                  Temperature (C), Rain (mm), Wind Speed (km/h)

                                      Heat  Cool        Avg
    Mean                              Deg   Deg         Wind                 Dom
Day Temp  High   Time   Low    Time   Days  Days  Rain  Speed High   Time    Dir
----------------------------------------------------------------------------------
 1  11.8  16.3   14:32   9.1   00:00   4.2   0.0   3.8   1.5  22.5   00:41     S
 2  11.9  18.5   15:16   7.7   03:38   4.4   0.0   0.2   1.9  17.7   23:30   SSE
 3  12.4  16.2   13:13   8.9   06:32   3.6   0.0   0.2   3.2  19.3   10:50     S
 4  11.3  14.8   12:18   6.7   23:50   4.7   0.0   0.2   6.9  30.6   13:56    NW
 5   7.8  14.9   15:42   3.1   07:54   8.2   0.0   0.0   0.3   8.0   12:57     N
 6   7.1  11.9   13:31   1.8   06:52   8.9   0.0   0.0   3.1  19.3   14:09   NNW
 7  10.3  15.5   15:41   5.8   23:52   5.7   0.0   0.6   3.6  24.1   13:53   SSW
 8   7.1  11.9   14:08   2.3   23:50   8.9   0.0   0.0   5.4  33.8   11:26   SSE
 9   6.1  13.3   14:26   0.6   06:00   9.9   0.0   0.0   0.4   8.0   13:12    SE
10   9.3  14.3   13:33   5.7   07:36   6.7   0.0   0.0   1.2  16.1   13:51   NNW
11   9.6  14.7   13:36   5.1   04:35   6.4   0.0   0.0   4.0  20.9   17:26   NNW
12  11.9  13.8   13:08   9.1   23:46   3.9   0.0   0.0   4.7  20.9   12:33   NNW
13   9.7  12.3   12:47   7.3   05:19   6.3   0.0   0.2   0.3   8.0   10:06   SSE
14   9.5  14.9   13:25   4.9   07:55   6.5   0.0   0.2   5.3  27.4   12:18   SSE
15   8.0  13.8   15:18   3.1   23:47   8.0   0.0   0.0   3.7  22.5   01:23   SSE
16   6.5  11.2   15:12   1.7   02:18   9.5   0.0   0.2   1.5  17.7   13:21   NNW
17   7.7  14.2   13:34   2.7   07:33   8.3   0.0   0.2   0.6   9.7   14:47     N
18   9.9  15.1   15:38   6.2   03:58   6.1   0.0   0.0   1.6  16.1   10:34   NNW
19   7.6  10.3   14:20   3.4   07:51   8.4   0.0   0.4   2.6  20.9   22:14   NNW
20  10.3  13.9   13:59   7.7   23:56   5.7   0.0   0.4   3.9  20.9   07:42   NNW
21   8.9  13.3   13:26   5.5   06:26   7.1   0.0   0.0   0.2   6.4   00:15    SE
22   9.7  13.8   15:23   6.0   06:24   6.3   0.0   0.0   2.4  17.7   20:13   NNW
23  10.6  12.9   00:50   6.4   23:54   5.4   0.0   9.2  10.2  51.5   15:52   NNW
24   7.7  11.7   14:43   3.4   08:14   8.2   0.0   0.0   7.0  25.7   18:42   NNW
25   9.7  13.7   13:52   6.7   06:27   6.3   0.0   3.2  10.1  35.4   12:32   NNW
26   8.0  10.3   15:05   5.8   06:49   8.0   0.0   0.8  12.5  46.7   04:02    NW
27  10.5  13.1   12:12   7.2   02:12   5.4   0.0   0.2  12.1  48.3   13:11   NNW
28   8.8  12.1   00:38   6.8   23:54   7.2   0.0  15.8   7.6  48.3   12:26   NNW
29   6.1  12.8   14:21   1.0   23:51   9.9   0.0   0.0   1.6  22.5   15:41   SSW
30   5.4  11.8   15:28   0.9   00:36  10.6   0.0   0.0   3.1  19.3   11:33   NNW
----------------------------------------------------------------------------------
     9.0  18.5     2     0.6     9   208.7   0.0  35.8   4.1  51.5    23      NW

Max >=  20.0:  0
Max <=  19.0: 30
Min <=   5.0: 12
Min <=   0.0:  0
Max Rain: 15.8 on day 28
Days of Rain: 16 (>= 0.2 mm)  4 (>= 2.0 mm)  0 (>= 20.0 mm)
Heat Base: 16.0  Cool Base: 18.0  Method: Integration