Your own page

Select a Year or Month report
V/Λ2018 > Jan Feb Mar Apr May Jun Jul Aug Sep Oct Nov Dec
V/Λ2017 > Jan Feb Mar Apr May Jun Jul Aug Sep Oct Nov Dec
V/Λ2016 > Jan Feb Mar Apr May Jun Jul Aug Sep Oct Nov Dec
V/Λ2015 > Jan Feb Mar Apr May Jun Jul Aug Sep Oct Nov Dec
V/Λ2014 > Jan Feb Mar Apr May Jun Jul Aug Sep Oct Nov Dec
V/Λ2013 > Jan Feb Mar Apr May Jun Jul Aug Sep Oct Nov Dec

Report for 2014 May
                   Monthly Climatological Summary for May 2014

Name: Summerhill   City: Launceston   State: Tasmania
Elevation: 177 m  Lat: S 41 27' 41"   Lon: E 147 07' 42"

                  Temperature (C), Rain (mm), Wind Speed (km/h)

                                      Heat  Cool        Avg
    Mean                              Deg   Deg         Wind                 Dom
Day Temp  High   Time   Low    Time   Days  Days  Rain  Speed High   Time    Dir
----------------------------------------------------------------------------------
 1   7.6  12.6   13:45   2.1   06:16   8.4   0.0   0.0   3.1  25.7   13:50   NNW
 2   9.9  11.3   13:46   8.1   04:55   6.1   0.0   6.0   2.3  20.9   22:45     W
 3  10.6  14.8   13:33   7.8   23:40   4.6   0.0   0.2  13.8  45.1   23:59     S
 4   9.7  16.2   14:46   5.9   23:36   6.3   0.0   0.0   9.6  46.7   00:17     S
 5   9.1  17.2   13:48   3.7   03:35   6.9   0.0   0.0   4.0  29.0   15:13   WNW
 6   9.0  16.1   14:19   4.4   04:31   7.0   0.0   0.0   5.2  38.6   12:44    SW
 7   8.0  13.7   15:37   2.9   23:59   8.0   0.0   0.0   4.4  29.0   10:37    SE
 8   6.8  15.1   13:49   0.7   06:06   9.2   0.0   0.0   0.7  12.9   12:58     S
 9   9.7  14.7   13:18   3.7   04:19   6.3   0.0   0.0   3.3  24.1   23:48   NNW
10  12.4  13.1   02:32  11.0   22:27   3.5   0.0   2.6   8.1  38.6   12:06   NNW
11  12.5  17.8   14:38   9.3   23:53   3.7   0.0   0.2   7.4  30.6   13:33   NNW
12   9.2  16.3   14:17   2.8   07:36   6.8   0.0   0.0   1.5  16.1   14:56   NNW
13  11.5  15.7   13:18   6.8   01:44   4.5   0.0   0.0   7.5  29.0   12:55   NNW
14  13.8  16.9   12:53  12.4   07:20   2.3   0.0   0.0   8.4  32.2   14:06   NNW
15  14.6  17.3   13:44  12.6   00:00   1.3   0.0   0.0  12.3  35.4   14:53   NNW
16  14.6  16.8   12:45  13.3   21:59   1.5   0.0   0.2  11.4  32.2   13:18   NNW
17  14.4  17.1   14:16  13.2   23:11   1.6   0.0   2.0  12.2  45.1   12:17   NNW
18  13.7  15.1   15:59  12.4   01:32   2.3   0.0   3.6   9.8  30.6   12:19   NNW
19  14.4  16.2   11:38  12.6   23:59   1.6   0.0   3.2  12.7  38.6   20:56   NNW
20  12.7  16.8   13:16   6.2   23:56   3.4   0.0   0.2   4.3  20.9   00:49    NW
21   7.3  12.6   23:54   2.4   06:57   8.6   0.0   0.0   5.0  30.6   23:25   NNW
22  13.6  14.9   11:45  12.0   23:04   2.4   0.0   4.6  11.8  33.8   17:37   NNW
23  11.4  15.9   14:11   6.8   22:32   4.6   0.0   0.0   6.5  24.1   01:27   NNW
24   9.0  13.4   13:31   4.9   07:05   7.0   0.0   0.0   2.9  16.1   00:27   NNW
25   8.5  13.4   13:28   4.1   04:55   7.5   0.0   0.8   0.4   9.7   08:10    SE
26  11.9  15.3   14:57   9.3   06:13   4.1   0.0   1.2   1.1  12.9   16:34    NW
27  12.8  14.9   11:21  10.8   05:15   3.2   0.0   3.2   8.0  37.0   12:54   NNW
28  10.9  15.3   14:09   4.9   23:55   5.1   0.0   0.2   7.0  32.2   12:02   NNW
29   8.2  14.9   14:44   4.2   01:50   7.8   0.0   0.0   2.1  19.3   04:46   SSE
30   8.0  15.2   13:40   3.4   08:15   8.0   0.0   0.0   0.5  11.3   03:44     S
31   6.6  12.1   14:53   1.1   06:46   9.4   0.0   2.0   1.9  20.9   22:36     S
----------------------------------------------------------------------------------
    10.7  17.8    11     0.7     8   163.0   0.0  30.2   6.0  46.7     4      NW

Max >=  20.0:  0
Max <=  19.0: 31
Min <=   5.0: 14
Min <=   0.0:  0
Max Rain: 6.0 on day 2
Days of Rain: 15 (>= 0.2 mm)  8 (>= 2.0 mm)  0 (>= 20.0 mm)
Heat Base: 16.0  Cool Base: 18.0  Method: Integration