Your own page

Select a Year or Month report
V/Λ2018 > Jan Feb Mar Apr May Jun Jul Aug Sep Oct Nov Dec
V/Λ2017 > Jan Feb Mar Apr May Jun Jul Aug Sep Oct Nov Dec
V/Λ2016 > Jan Feb Mar Apr May Jun Jul Aug Sep Oct Nov Dec
V/Λ2015 > Jan Feb Mar Apr May Jun Jul Aug Sep Oct Nov Dec
V/Λ2014 > Jan Feb Mar Apr May Jun Jul Aug Sep Oct Nov Dec
V/Λ2013 > Jan Feb Mar Apr May Jun Jul Aug Sep Oct Nov Dec

Report for 2014 Mar
                   Monthly Climatological Summary for Mar 2014

Name: Summerhill   City: Launceston   State: Tasmania
Elevation: 177 m  Lat: S 41 27' 41"   Lon: E 147 07' 42"

                  Temperature (C), Rain (mm), Wind Speed (km/h)

                                      Heat  Cool        Avg
    Mean                              Deg   Deg         Wind                 Dom
Day Temp  High   Time   Low    Time   Days  Days  Rain  Speed High   Time    Dir
----------------------------------------------------------------------------------
 1  17.1  23.8   15:38  11.6   07:09   1.1   1.3   0.0   5.2  32.2   17:16   NNW
 2  17.7  24.4   15:09  11.2   06:41   1.0   1.7   0.0   5.7  32.2   17:25   NNW
 3  18.4  23.7   16:00  14.8   06:41   0.2   1.5   0.0   6.3  29.0   14:42   NNW
 4  18.6  24.3   15:54  13.7   07:26   0.3   1.7   0.0   6.4  38.6   13:54   NNW
 5  20.2  26.9   15:14  14.5   23:58   0.1   2.7   0.4   7.3  32.2   13:46     S
 6  16.0  21.9   14:47  10.9   06:44   1.4   0.6   0.0   6.5  25.7   18:37    NW
 7  17.2  24.3   13:54  12.6   01:47   1.0   1.2   0.0   4.1  37.0   16:54    NW
 8  19.1  27.4   16:14  12.9   07:13   0.4   2.4   0.0   2.8  20.9   14:21     N
 9  19.9  26.1   15:18  15.4   06:59   0.0   2.6   0.0   4.8  32.2   15:00   NNW
10  20.6  25.3   12:45  15.5   07:22   0.0   3.1   0.0   5.6  30.6   12:11   NNW
11  19.0  27.5   14:45  13.8   07:29   0.3   2.1   4.0   7.6  38.6   14:15   NNW
12  14.8  19.3   16:13  11.4   07:08   1.7   0.1   0.0   7.5  32.2   00:29    NW
13  15.2  21.3   14:52   9.2   06:11   2.0   0.5   0.0   9.1  37.0   17:07   NNW
14  18.4  24.5   16:33  14.4   06:54   0.2   1.4   0.0   6.3  30.6   15:36   NNW
15  17.7  23.9   13:13  14.2   21:21   0.3   0.9   6.6   8.0  46.7   13:24   NNW
16  14.0  18.8   16:27  10.6   06:21   2.4   0.0   1.8  11.6  41.8   14:44    NW
17  14.5  19.8   14:42  10.4   01:09   2.2   0.1   2.0  11.6  41.8   13:12   NNW
18  14.7  19.7   17:15  11.9   04:39   1.8   0.1   0.0  11.4  43.5   17:18   NNW
----------------------------------------------------------------------------------
    17.4  27.5    11     9.2    13    16.4  24.0  14.8   7.1  46.7    15     NNW

Max >=  20.0: 14
Max <=  19.0:  1
Min <=   5.0:  0
Min <=   0.0:  0
Max Rain: 6.6 on day 15
Days of Rain: 5 (>= 0.2 mm)  3 (>= 2.0 mm)  0 (>= 20.0 mm)
Heat Base: 16.0  Cool Base: 18.0  Method: Integration