Your own page

Select a Year or Month report
V/Λ2018 > Jan Feb Mar Apr May Jun Jul Aug Sep Oct Nov Dec
V/Λ2017 > Jan Feb Mar Apr May Jun Jul Aug Sep Oct Nov Dec
V/Λ2016 > Jan Feb Mar Apr May Jun Jul Aug Sep Oct Nov Dec
V/Λ2015 > Jan Feb Mar Apr May Jun Jul Aug Sep Oct Nov Dec
V/Λ2014 > Jan Feb Mar Apr May Jun Jul Aug Sep Oct Nov Dec
V/Λ2013 > Jan Feb Mar Apr May Jun Jul Aug Sep Oct Nov Dec

Report for 2014 Feb
                   Monthly Climatological Summary for Feb 2014

Name: Summerhill   City: Launceston   State: Tasmania
Elevation: 177 m  Lat: S 41 27' 41"   Lon: E 147 07' 42"

                  Temperature (C), Rain (mm), Wind Speed (km/h)

                                      Heat  Cool        Avg
    Mean                              Deg   Deg         Wind                 Dom
Day Temp  High   Time   Low    Time   Days  Days  Rain  Speed High   Time    Dir
----------------------------------------------------------------------------------
 1  19.7  27.6   15:14  13.3   06:25   0.4   2.9   0.0   5.8  33.8   17:02    NW
 2  22.5  33.2   16:12  13.2   05:26   0.5   5.7   0.0   4.4  24.1   16:38    NW
 3  20.3  25.9   17:11  12.2   23:51   0.3   2.9   0.0   7.2  49.9   19:13    SE
 4  15.8  24.5   16:02   9.3   06:28   2.2   1.3   0.0   8.2  30.6   00:25   SSE
 5  15.9  23.6   15:43   9.2   06:48   1.9   1.0   0.0   5.9  25.7   13:58   ESE
 6  17.2  24.1   16:29  11.1   04:55   1.2   1.4   0.0   5.4  33.8   16:49   NNW
 7  19.5  26.3   14:10  12.6   06:50   0.8   3.0   0.0   5.5  30.6   13:55    NW
 8  23.6  32.2   15:25  15.2   05:55   0.1   6.1   0.0   4.8  32.2   17:38    NW
 9  21.0  29.7   10:58  13.3   23:20   0.4   3.9   0.4  10.6  69.2   13:40    NW
10  17.1  27.8   16:34   8.3   06:10   2.1   2.2   0.0   4.3  30.6   17:44    NW
11  18.6  25.1   15:51  12.4   07:03   0.5   2.0   0.0   5.9  30.6   17:21   NNW
12  17.8  23.0   16:15  13.8   04:31   0.4   1.0   0.0   4.2  27.4   15:59    NW
13  19.6  23.7   17:53  16.2   07:03   0.0   2.0   0.0   6.4  27.4   19:29   NNW
14  21.4  28.1   13:59  17.0   06:33   0.0   3.6   0.0   5.7  33.8   16:43    NW
15  21.2  29.4   15:18  14.8   06:23   0.2   4.1   0.4   4.8  30.6   16:51    NW
16  19.6  27.4   17:11  14.7   08:34   0.2   2.7   1.2   9.0  33.8   08:03   SSE
17  17.0  23.3   15:45  12.8   04:03   0.9   1.0   0.0   6.8  32.2   17:24    NW
18  18.0  23.8   15:28  13.7   06:32   0.6   1.6   0.0   7.5  33.8   15:33   NNW
19  18.0  24.3   12:06  14.4   00:05   0.3   1.3   0.0   8.0  45.1   12:37   NNW
20  15.3  20.9   12:07  12.8   20:40   1.4   0.2   0.0  14.6  61.2   21:26    NW
21  17.8  24.2   15:33  12.0   23:58   0.8   1.6   0.0   5.7  30.6   09:37    SW
22  16.1  25.2   16:33   7.5   06:57   2.7   1.9   0.0   4.3  37.0   13:07     S
23  16.3  24.4   14:44   8.2   07:11   2.1   1.5   0.0   7.6  41.8   15:53   NNW
24  17.6  24.6   15:19  11.1   06:05   1.2   1.7   0.0   7.2  35.4   15:39   NNW
25  17.8  24.9   13:55  12.7   05:46   0.9   1.6   0.0   8.3  40.2   14:55   NNW
26  16.0  20.7   15:35  12.1   23:47   1.3   0.5   0.0   8.2  38.6   14:30    NW
27  15.6  24.1   16:34   9.0   07:15   2.3   1.1   0.0   4.8  25.7   20:02     S
28  15.5  22.5   15:08   7.8   06:58   2.3   0.9   0.0   7.1  33.8   15:39    NW
----------------------------------------------------------------------------------
    18.3  33.2     2     7.5    22    28.0  60.7   2.0   6.7  69.2     9      NW

Max >=  20.0: 28
Max <=  19.0:  0
Min <=   5.0:  0
Min <=   0.0:  0
Max Rain: 1.2 on day 16
Days of Rain: 3 (>= 0.2 mm)  0 (>= 2.0 mm)  0 (>= 20.0 mm)
Heat Base: 16.0  Cool Base: 18.0  Method: Integration