Your own page

Select a Year or Month report
V/Λ2018 > Jan Feb Mar Apr May Jun Jul Aug Sep Oct Nov Dec
V/Λ2017 > Jan Feb Mar Apr May Jun Jul Aug Sep Oct Nov Dec
V/Λ2016 > Jan Feb Mar Apr May Jun Jul Aug Sep Oct Nov Dec
V/Λ2015 > Jan Feb Mar Apr May Jun Jul Aug Sep Oct Nov Dec
V/Λ2014 > Jan Feb Mar Apr May Jun Jul Aug Sep Oct Nov Dec
V/Λ2013 > Jan Feb Mar Apr May Jun Jul Aug Sep Oct Nov Dec

Report for 2014 Jan
                   Monthly Climatological Summary for Jan 2014

Name: Summerhill   City: Launceston   State: Tasmania
Elevation: 177 m  Lat: S 41 27' 41"   Lon: E 147 07' 42"

                  Temperature (C), Rain (mm), Wind Speed (km/h)

                                      Heat  Cool        Avg
    Mean                              Deg   Deg         Wind                 Dom
Day Temp  High   Time   Low    Time   Days  Days  Rain  Speed High   Time    Dir
----------------------------------------------------------------------------------
 1  13.8  17.4   15:03  11.6   04:29   2.3   0.0   2.8   9.8  43.5   17:39   NNW
 2  16.9  26.2   16:45  10.0   05:30   1.8   1.8   0.2   9.3  40.2   10:46    NW
 3  14.5  20.6   13:25   8.8   04:05   2.3   0.2   0.0  10.3  53.1   15:52   NNW
 4  13.9  18.8   14:50  10.4   04:33   2.5   0.0   0.0  14.5  51.5   14:21    NW
 5  11.1  16.4   14:17   8.6   17:03   4.9   0.0   6.8  12.9  56.3   15:46   NNW
 6  13.2  20.2   15:42   8.8   00:00   3.3   0.1   0.0  10.4  43.5   15:37     W
 7  14.6  22.4   16:31   8.3   05:49   2.7   0.7   0.0   7.2  32.2   09:03   SSE
 8  14.3  20.1   14:46   8.5   06:15   2.7   0.3   0.0   7.6  30.6   18:12   WSW
 9  15.9  21.1   14:49  10.8   06:32   1.7   0.7   0.0   6.6  32.2   15:17    NW
10  18.4  25.8   16:31  10.6   05:49   1.5   2.7   0.0   8.1  41.8   15:20    NW
11  21.6  27.6   13:58  15.9   06:07   0.0   4.0   0.0   6.4  37.0   14:31   NNW
12  20.3  30.6   16:31  10.7   06:25   0.9   4.0   0.0   5.2  29.0   16:42   NNW
13  18.4  25.2   16:06  12.8   04:36   0.8   2.1   0.0   8.6  33.8   13:51    NW
14  23.6  34.4   15:30  11.1   05:51   0.9   7.2   0.0   5.4  33.8   15:53    NW
15  25.1  32.4   17:27  18.5   05:55   0.0   7.1   0.0   5.5  33.8   15:31   NNW
16  24.4  32.7   14:01  17.4   07:01   0.0   6.1   0.0   7.1  25.7   09:23    NW
17  23.2  33.2   15:04  15.0   06:06   0.1   5.7   0.0   4.8  33.8   17:31   NNW
18  21.4  26.6   11:33  16.5   23:57   0.0   3.5   0.0   7.4  37.0   12:51   NNW
19  14.7  19.7   15:09  12.0   06:38   1.8   0.1   3.4   3.8  20.9   16:55     S
20  15.2  22.8   16:50  11.5   04:33   1.9   0.6   0.8   5.1  33.8   18:28   NNW
21  17.2  23.4   14:26  11.6   23:59   0.8   1.1   0.0   7.7  35.4   13:19   WNW
22  14.4  22.9   14:56   6.8   06:26   2.9   0.6   0.0   6.1  30.6   16:11   NNW
23  16.9  24.3   15:57   8.3   06:07   2.0   1.7   0.0   7.2  35.4   15:13   NNW
24  18.4  26.1   17:52  12.7   23:57   0.3   1.8   0.0   6.3  38.6   16:27   WNW
25  14.8  22.2   16:32   8.8   06:39   2.4   0.5   0.0   5.3  30.6   18:36   SSW
26  15.4  23.1   15:26   7.7   05:55   2.6   1.2   0.0   6.8  33.8   16:49    NW
27  19.8  28.5   16:30  12.1   01:38   0.9   3.4   0.0   9.1  37.0   14:23    NW
28  23.3  30.3   12:42  14.7   06:07   0.1   5.9   0.0  10.9  49.9   13:10   NNW
29  19.5  23.8   14:02  15.6   07:29   0.0   2.1   0.0  10.0  35.4   16:39    NW
30  18.6  24.7   15:41  13.3   06:09   0.5   1.9   0.0   6.3  29.0   19:42    NW
31  20.0  30.3   15:12  14.1   02:07   0.4   3.1   0.0   5.3  33.8   16:41    NW
----------------------------------------------------------------------------------
    17.8  34.4    14     6.8    22    45.0  70.2  14.0   7.6  56.3     5      NW

Max >=  20.0: 27
Max <=  19.0:  3
Min <=   5.0:  0
Min <=   0.0:  0
Max Rain: 6.8 on day 5
Days of Rain: 5 (>= 0.2 mm)  3 (>= 2.0 mm)  0 (>= 20.0 mm)
Heat Base: 16.0  Cool Base: 18.0  Method: Integration