Your own page

Select a Year or Month report
V/Λ2018 > Jan Feb Mar Apr May Jun Jul Aug Sep Oct Nov Dec
V/Λ2017 > Jan Feb Mar Apr May Jun Jul Aug Sep Oct Nov Dec
V/Λ2016 > Jan Feb Mar Apr May Jun Jul Aug Sep Oct Nov Dec
V/Λ2015 > Jan Feb Mar Apr May Jun Jul Aug Sep Oct Nov Dec
V/Λ2014 > Jan Feb Mar Apr May Jun Jul Aug Sep Oct Nov Dec
V/Λ2013 > Jan Feb Mar Apr May Jun Jul Aug Sep Oct Nov Dec

Report for 2014
                   Annual Climatological Summary for 2014

Name: Summerhill   City: Launceston   State: Tasmania
Elevation: 177 m  Lat: S 41 27' 41"   Lon: E 147 07' 42"

                  Temperature (C), Heat Base: 16.0  Cool Base: 18.0
                          Dep.  Heat  Cool                       Max  Max  Min  Min
        Mean  Mean        From  Deg   Deg                        >=   <=   <=   <=
 YR MO  Max   Min   Mean  Norm  Days  Days  Hi  Date  Low  Date 20.0 19.0  5.0   0.0
------------------------------------------------------------------------------------
 14  1  25.0  11.7  17.8  -0.5    45    70  34.4  14   6.8   22   27    3    0    0
 14  2  25.5  12.2  18.3  -0.1    27    60  33.2   2   7.5   22   28    0    0    0
 14  3  22.8  12.1  16.6   0.2    39    32  27.5  11   7.2   24   25    2    0    0
 14  4  18.3   7.5  12.8  -0.5   113     7  25.3   1   1.3   27    9   19    9    0
 14  5  15.1   7.0  10.7   0.3   163     0  17.8  11   0.7    8    0   31   14    0
 14  6  13.6   5.1   9.0   1.0   208     0  18.5   2   0.6    9    0   30   12    0
 14  7  12.8   4.5   8.1   0.6   244     0  16.9  26  -0.5   21    0   31   18    3
 14  8  14.3   4.0   8.7   0.0   226     0  18.7  26  -0.9   11    0   31   19    3
 14  9  16.4   5.6  10.6   0.2   166     1  20.4  25   2.0    3    1   23   12    0
 14 10  17.5   7.1  12.0  -0.4   131     3  23.3  23   1.9   14    5   26    6    0
 14 11  20.3   8.4  14.1  -0.8    87    13  26.4  30   2.1    3   17    7    4    0
 14 12  21.9  11.2  15.8  -0.7    52    23  26.3  11   5.7   19   24    4    0    0
------------------------------------------------------------------------------------
        18.6   8.0  12.9  -0.1  1506   212  34.4 Jan  -0.9  Aug  136  207   94    6

                                Precipitation (mm)

              Dep.   Max        Days of Rain
              From   Obs.           >=
 YR MO Total  Norm   Day Date  0.2  2.0 20.0
---------------------------------------------
 14  1  14.0 -30.7   6.8   5     5    3    0
 14  2   2.0 -36.7   1.2  16     3    0    0
 14  3  45.4   7.3  18.4  21    11    5    0
 14  4  45.2  -9.3  19.0  29    11    7    0
 14  5  30.2 -29.8   6.0   2    15    8    0
 14  6  35.8 -25.7  15.8  28    16    4    0
 14  7  74.8  -1.9  15.2  31    19   10    0
 14  8  11.2 -67.1   6.2  24     4    2    0
 14  9  41.0 -23.1  15.0   9    12    4    0
 14 10  27.6 -32.6  12.2   6     9    2    0
 14 11   7.8 -42.3   2.8  20     6    1    0
 14 12  53.0   2.3  20.2  10    15    6    1
---------------------------------------------
       388.0-289.6  20.2  Dec  126   52    1

                                Wind Speed (km/h)
                          Dom
 YR MO   Avg.  Hi   Date  Dir
------------------------------
 14  1   7.6  56.3    5    NW
 14  2   6.7  69.2    9    NW
 14  3   6.3  46.7   15   NNW
 14  4   4.8  62.8   26    NW
 14  5   6.0  46.7    4   NNW
 14  6   4.1  51.5   23   NNW
 14  7   5.9  80.5   31   NNW
 14  8   4.6  46.7    6   NNW
 14  9   6.6  62.8   10   NNW
 14 10   8.3  61.2    7    NW
 14 11   7.5  56.3    1    NW
 14 12   7.7  61.2   29    NW
------------------------------
         6.3  80.5  Jul    NW