Your own page

Select a Year or Month report
V/Λ2018 > Jan Feb Mar Apr May Jun Jul Aug Sep Oct Nov Dec V/Λ2017 > Jan Feb Mar Apr May Jun Jul Aug Sep Oct Nov Dec V/Λ2016 > Jan Feb Mar Apr May Jun Jul Aug Sep Oct Nov Dec V/Λ2015 > Jan Feb Mar Apr May Jun Jul Aug Sep Oct Nov Dec V/Λ2014 > Jan Feb Mar Apr May Jun Jul Aug Sep Oct Nov Dec V/Λ2013 > Jan Feb Mar Apr May Jun Jul Aug Sep Oct Nov Dec

Report for 2013 Dec
                   Monthly Climatological Summary for Dec 2013

Name: Summerhill   City: Launceston   State: Tasmania
Elevation: 177 m  Lat: S 41 27' 41"   Lon: E 147 07' 42"

                  Temperature (C), Rain (mm), Wind Speed (km/h)

                                      Heat  Cool        Avg
    Mean                              Deg   Deg         Wind                 Dom
Day Temp  High   Time   Low    Time   Days  Days  Rain  Speed High   Time    Dir
----------------------------------------------------------------------------------
 1  14.3  21.0   16:30   7.1   05:22   2.9   0.4   0.0   7.3  32.2   18:00   NNW
 2  18.7  25.7   14:15  12.3   04:46   1.0   2.5   0.0   7.0  43.5   14:22   NNW
 3  18.9  26.1   13:55  13.3   06:04   0.5   2.3   0.0   8.5  46.7   17:36   NNW
 4  14.5  18.9   16:00  10.7   23:58   1.7   0.0  10.4   9.2  35.4   16:46    NW
 5  11.6  19.3   12:35   6.3   05:23   4.6   0.0   0.0   6.3  41.8   15:38   SSE
 6  12.4  20.1   17:10   5.4   04:58   4.2   0.1   0.0   4.2  22.5   20:06    SW
 7  13.6  21.2   15:14   6.1   05:54   3.5   0.4   0.0   5.4  32.2   16:33   NNW
 8  14.4  19.7   16:03  11.1   01:57   2.0   0.1   0.0  10.4  41.8   15:04   NNW
 9  14.1  17.8   17:47  11.4   22:39   2.0   0.0   0.0  11.4  53.1   14:17   NNW
10  11.2  14.9   14:15   8.3   06:08   4.8   0.0   6.0  16.1  51.5   17:04    NW
11  12.4  17.3   14:43   8.1   06:39   3.7   0.0   1.8  10.7  38.6   13:15    NW
12  13.6  18.1   15:51   9.3   01:43   2.5   0.0   0.0  13.9  43.5   09:37   NNW
13  14.9  20.4   16:53  11.0   05:54   2.1   0.4   0.0  10.6  40.2   11:14    NW
14  13.1  18.5   16:07   5.8   05:58   3.3   0.0   0.0   5.4  35.4   17:28   NNW
15  17.0  25.3   16:50  10.3   05:16   1.7   1.7   0.0   7.2  27.4   23:38    NW
16  17.3  25.7   13:37   9.4   05:59   1.5   1.8   0.0   5.5  27.4   17:12    NW
17  18.1  24.4   14:37  12.5   02:28   1.0   2.0   0.0   7.1  27.4   13:43    NW
18  17.0  22.4   16:50  13.7   05:47   0.7   0.8   0.0   7.1  32.2   13:55    NW
19  20.1  28.7   15:21  12.1   05:52   0.9   3.7   0.0   6.3  29.0   15:10    NW
20  18.3  27.1   11:17  12.7   23:15   0.4   1.9   7.4   4.6  35.4   14:13   NNW
21  13.3  17.2   14:25  10.9   06:04   2.8   0.0   0.4   7.5  32.2   05:22   SSE
22  13.4  16.7   22:46  10.0   06:24   2.7   0.0   4.2   4.3  25.7   23:40   SSW
23  16.9  22.4   13:43  11.2   23:59   0.9   0.9   0.0   6.9  32.2   16:10   WSW
24  14.9  21.1   13:45   8.3   05:52   2.5   0.6   0.0   8.0  37.0   14:17   NNW
25  16.4  21.6   15:07  11.1   04:03   1.3   0.7   0.0   9.3  37.0   16:23   NNW
26  18.9  27.9   17:46  13.0   06:03   0.8   2.6   0.2   3.1  24.1   12:26     S
27  19.0  27.8   14:19  12.4   04:48   0.7   2.6   0.0   5.0  33.8   17:29    NW
28  18.5  24.6   15:54  13.0   23:58   0.2   1.6   0.0  10.2  43.5   16:05   NNW
29  14.4  20.9   16:05   9.8   23:57   2.4   0.2   0.0   7.3  41.8   02:17   WNW
30  12.4  18.2   18:13   5.1   05:52   3.8   0.0   0.0   7.4  37.0   17:48   NNW
31  15.4  21.8   14:36   8.8   06:16   2.1   0.7   0.0   8.0  37.0   16:55   NNW
----------------------------------------------------------------------------------
    15.5  28.7    19     5.1    30    65.2  28.0  30.4   7.8  53.1     9      NW

Max >=  20.0: 20
Max <=  19.0:  9
Min <=   5.0:  0
Min <=   0.0:  0
Max Rain: 10.4 on day 4
Days of Rain: 7 (>= 0.2 mm)  4 (>= 2.0 mm)  0 (>= 20.0 mm)
Heat Base: 16.0  Cool Base: 18.0  Method: Integration