Your own page

Select a Year or Month report
V/Λ2018 > Jan Feb Mar Apr May Jun Jul Aug Sep Oct Nov Dec V/Λ2017 > Jan Feb Mar Apr May Jun Jul Aug Sep Oct Nov Dec V/Λ2016 > Jan Feb Mar Apr May Jun Jul Aug Sep Oct Nov Dec V/Λ2015 > Jan Feb Mar Apr May Jun Jul Aug Sep Oct Nov Dec V/Λ2014 > Jan Feb Mar Apr May Jun Jul Aug Sep Oct Nov Dec V/Λ2013 > Jan Feb Mar Apr May Jun Jul Aug Sep Oct Nov Dec

Report for 2013 Nov
                   Monthly Climatological Summary for Nov 2013

Name: Summerhill   City: Launceston   State: Tasmania
Elevation: 177 m  Lat: S 41 27' 41"   Lon: E 147 07' 42"

                  Temperature (C), Rain (mm), Wind Speed (km/h)

                                      Heat  Cool        Avg
    Mean                              Deg   Deg         Wind                 Dom
Day Temp  High   Time   Low    Time   Days  Days  Rain  Speed High   Time    Dir
----------------------------------------------------------------------------------
 1  13.5  20.7   14:22   7.9   06:20   3.3   0.3   0.0   5.8  38.6   16:41   NNW
 2  13.2  18.4   15:16   9.2   05:53   3.1   0.0   0.0   7.4  33.8   16:54   NNW
 3  11.4  16.3   12:09   6.9   23:37   4.6   0.0   0.0   9.0  38.6   12:26   WSW
 4  12.6  21.1   17:59   4.4   06:15   4.4   0.4   0.0   3.3  22.5   14:21     S
 5  13.0  20.3   14:14   5.2   06:10   3.9   0.3   0.0   7.1  33.8   15:51    NW
 6  15.3  22.3   16:36   9.3   01:26   2.3   0.9   0.0  10.5  37.0   15:57    NW
 7  13.9  20.0   13:02   9.6   23:58   2.6   0.2   0.0   9.0  40.2   22:58   SSE
 8   8.0   9.7   00:00   6.2   23:35   8.0   0.0  24.0  13.6  49.9   23:48     S
 9  10.1  18.1   17:06   5.4   03:52   6.0   0.0   5.8   9.4  41.8   00:37   SSE
10  11.4  20.2   15:04   3.7   06:17   5.0   0.1   1.4   3.3  24.1   17:28     N
11  11.8  17.8   15:21   8.2   06:19   4.3   0.0   0.4   7.2  29.0   14:47   SSE
12  10.7  15.0   12:27   7.4   02:09   5.3   0.0   2.6  12.2  43.5   18:21   SSE
13  13.3  17.6   14:08  10.8   00:00   2.8   0.0   4.8   8.9  45.1   01:31     S
14  14.6  20.6   17:18   9.9   07:00   2.3   0.3   0.4   5.8  24.1   10:58   SSE
15  13.2  20.3   14:20   7.0   05:42   3.4   0.2   0.0   4.1  25.7   17:05     N
16  13.3  19.5   14:19   7.7   05:30   3.2   0.1   0.0   6.6  33.8   17:01   NNW
17  14.5  19.2   13:05  10.7   23:44   2.2   0.1   0.0   9.6  37.0   17:16   NNW
18  14.1  19.7   14:47   8.1   05:15   2.7   0.2   0.0   8.8  35.4   16:14   NNW
19  17.3  23.9   15:50  11.4   05:18   1.0   1.2   0.0   8.2  35.4   13:04    NW
20  10.4  16.3   00:00   8.7   23:53   5.6   0.0   5.0   6.6  27.4   02:08   SSE
21   8.9  10.3   17:30   8.0   07:37   7.1   0.0  35.2  12.9  43.5   12:22   SSE
22  15.4  23.6   15:16   9.7   00:00   2.3   0.9   2.6   8.2  33.8   04:27   SSE
23  15.6  22.7   12:33  10.3   23:33   1.7   0.6   0.2   7.3  35.4   13:13    SE
24  11.4  15.4   13:13   8.8   06:25   4.6   0.0   0.2  13.2  48.3   13:35   SSE
25  13.5  21.9   17:08   9.3   23:54   3.4   0.4   0.0   8.6  33.8   01:36     S
26  13.1  18.3   14:43   9.3   00:00   3.2   0.0   0.0   6.7  33.8   15:50    NW
27  14.9  21.6   16:30   9.0   03:22   2.4   0.6   0.0   5.9  27.4   16:47    NW
28  15.5  21.8   14:40   9.8   23:23   2.0   0.8  12.2   5.3  43.5   17:32   SSE
29  13.1  19.7   15:15   7.4   03:22   3.5   0.2   0.0   5.8  29.0   11:44   SSW
30  13.1  21.1   14:47   5.9   05:26   3.7   0.2   0.0   5.4  29.0   15:24   NNW
----------------------------------------------------------------------------------
    13.0  23.9    19     3.7    10   109.9   8.0  94.8   7.9  49.9     8     SSW

Max >=  20.0: 15
Max <=  19.0: 11
Min <=   5.0:  2
Min <=   0.0:  0
Max Rain: 35.2 on day 21
Days of Rain: 13 (>= 0.2 mm)  8 (>= 2.0 mm)  2 (>= 20.0 mm)
Heat Base: 16.0  Cool Base: 18.0  Method: Integration