Your own page

Select a Year or Month report
V/Λ2018 > Jan Feb Mar Apr May Jun Jul Aug Sep Oct Nov Dec V/Λ2017 > Jan Feb Mar Apr May Jun Jul Aug Sep Oct Nov Dec V/Λ2016 > Jan Feb Mar Apr May Jun Jul Aug Sep Oct Nov Dec V/Λ2015 > Jan Feb Mar Apr May Jun Jul Aug Sep Oct Nov Dec V/Λ2014 > Jan Feb Mar Apr May Jun Jul Aug Sep Oct Nov Dec V/Λ2013 > Jan Feb Mar Apr May Jun Jul Aug Sep Oct Nov Dec

Report for 2013 Oct
                   Monthly Climatological Summary for Oct 2013

Name: Summerhill   City: Launceston   State: Tasmania
Elevation: 177 m  Lat: S 41 27' 41"   Lon: E 147 07' 42"

                  Temperature (C), Rain (mm), Wind Speed (km/h)

                                      Heat  Cool        Avg
    Mean                              Deg   Deg         Wind                 Dom
Day Temp  High   Time   Low    Time   Days  Days  Rain  Speed High   Time    Dir
----------------------------------------------------------------------------------
 1  12.3  16.2   12:34   7.8   20:51   3.7   0.0   7.8  17.1  67.6   02:09    NW
 2   9.2  11.3   15:51   5.9   23:20   6.8   0.0  19.4  21.2  77.2   12:10   NNW
 3   9.4  15.6   15:19   3.2   04:14   6.6   0.0   0.0   4.1  22.5   00:45   WNW
 4  10.7  15.8   14:30   7.3   00:43   5.3   0.0   0.0  12.8  35.4   11:15   NNW
 5  13.3  17.5   11:27   8.7   23:29   2.9   0.0   0.0  15.0  46.7   10:22   NNW
 6  11.2  18.7   16:37   6.0   06:41   4.8   0.0   1.4   4.5  25.7   20:52   SSE
 7   9.1  13.1   12:57   6.4   07:29   6.9   0.0   0.2   5.0  22.5   13:11   NNW
 8  11.2  17.1   15:10   6.8   07:00   4.8   0.0   0.0   7.0  35.4   16:21   NNW
 9  12.4  15.2   15:59   9.1   02:54   3.6   0.0   1.2  12.0  40.2   15:42   NNW
10  12.8  17.4   15:02   8.1   23:57   3.0   0.0   0.2   7.1  33.8   14:53    NW
11  11.7  17.4   15:30   7.3   04:39   4.4   0.0   0.0  14.2  61.2   14:30    NW
12  12.6  15.8   13:57  10.7   01:03   3.4   0.0   0.0  15.7  49.9   10:04   NNW
13   9.9  15.0   15:03   4.4   23:34   6.1   0.0   0.4   9.7  38.6   12:32    NW
14   8.1  15.1   15:08   2.4   04:44   7.8   0.0   0.0   5.6  32.2   15:27    NW
15  10.7  14.4   16:54   7.1   03:40   5.3   0.0   0.2  14.3  45.1   17:24   NNW
16  13.0  18.1   14:14  10.2   03:47   3.1   0.0   1.6  19.0  67.6   14:53   NNW
17   9.4  12.1   11:03   5.5   23:55   6.7   0.0   6.0  13.6  45.1   10:31    NW
18   9.5  13.6   12:52   5.2   00:38   6.5   0.0   0.0  16.0  56.3   12:21   NNW
19  14.7  19.4   14:00  10.6   04:57   2.0   0.1   0.0  14.7  41.8   12:25   NNW
20  16.4  21.7   13:02   9.8   06:53   1.3   0.8   0.0   9.8  43.5   14:42   NNW
21  12.5  16.1   16:17   9.9   06:32   3.6   0.0   0.6   4.8  24.1   17:41   WNW
22  11.9  17.5   12:46   9.1   06:05   4.2   0.0   0.6   2.7  19.3   14:44   SSE
23  11.0  15.8   17:05   8.1   23:15   5.0   0.0   5.2   8.9  32.2   18:56    SW
24   9.0  13.8   14:26   4.9   06:48   7.0   0.0   0.0  10.0  35.4   15:44    NW
25  10.8  15.6   15:29   6.6   03:08   5.2   0.0   0.0  14.9  49.9   14:23    NW
26  11.7  17.1   16:54   7.6   23:57   4.4   0.0   0.0   8.9  33.8   13:12    NW
27  11.9  20.1   16:16   4.5   05:26   4.8   0.2   0.0   3.6  24.1   14:13     N
28  11.7  15.8   13:33   7.4   06:13   4.3   0.0   0.0   7.6  29.0   12:50   NNW
29  12.7  18.9   15:13   5.5   05:15   3.8   0.0   0.0   4.8  29.0   16:57   NNW
30  12.2  19.3   15:34   6.7   06:40   4.2   0.1   0.0   5.9  32.2   15:29    NW
31  13.2  20.7   17:04   5.2   05:44   3.7   0.3   0.0   2.8  25.7   16:12    NW
----------------------------------------------------------------------------------
    11.5  21.7    20     2.4    14   145.2   1.5  44.8  10.1  77.2     2      NW

Max >=  20.0:  3
Max <=  19.0: 26
Min <=   5.0:  5
Min <=   0.0:  0
Max Rain: 19.4 on day 2
Days of Rain: 13 (>= 0.2 mm)  4 (>= 2.0 mm)  0 (>= 20.0 mm)
Heat Base: 16.0  Cool Base: 18.0  Method: Integration