Your own page

Select a Year or Month report
V/Λ2018 > Jan Feb Mar Apr May Jun Jul Aug Sep Oct Nov Dec V/Λ2017 > Jan Feb Mar Apr May Jun Jul Aug Sep Oct Nov Dec V/Λ2016 > Jan Feb Mar Apr May Jun Jul Aug Sep Oct Nov Dec V/Λ2015 > Jan Feb Mar Apr May Jun Jul Aug Sep Oct Nov Dec V/Λ2014 > Jan Feb Mar Apr May Jun Jul Aug Sep Oct Nov Dec V/Λ2013 > Jan Feb Mar Apr May Jun Jul Aug Sep Oct Nov Dec

Report for 2013 Sep
                   Monthly Climatological Summary for Sep 2013

Name: Summerhill   City: Launceston   State: Tasmania
Elevation: 177 m  Lat: S 41 27' 41"   Lon: E 147 07' 42"

                  Temperature (C), Rain (mm), Wind Speed (km/h)

                                      Heat  Cool        Avg
    Mean                              Deg   Deg         Wind                 Dom
Day Temp  High   Time   Low    Time   Days  Days  Rain  Speed High   Time    Dir
----------------------------------------------------------------------------------
 1  13.1  18.7   12:51   7.9   04:51   3.3   0.0   0.0   9.4  49.9   12:57   NNW
 2  13.4  20.3   14:15   7.9   23:58   3.2   0.2   0.0   5.7  25.7   00:15   NNW
 3  12.2  21.2   14:07   4.8   06:54   4.7   0.4   0.0   0.9  12.9   15:02     N
 4  12.6  17.9   15:36   6.9   06:57   3.6   0.0   0.0   4.0  27.4   14:56    NW
 5  13.7  16.9   14:41   9.9   23:47   2.3   0.0   0.4  14.1  37.0   08:40   NNW
 6  11.9  16.6   12:29   9.8   23:10   4.1   0.0   0.0  13.2  37.0   11:57   NNW
 7  10.5  14.7   14:03   5.1   23:53   5.5   0.0   0.0   9.7  45.1   13:22    NW
 8   8.4  14.7   14:17   4.1   05:59   7.6   0.0   0.0   6.2  27.4   16:40   NNW
 9   8.8  11.4   15:54   6.4   07:35   7.2   0.0   7.8   7.5  27.4   14:24   NNW
10  10.2  13.8   14:24   7.2   22:12   5.8   0.0   1.2  13.1  49.9   14:27    NW
11   7.2  11.6   14:54   2.9   22:31   8.8   0.0   0.0   7.9  37.0   13:04    NW
12   6.5  13.8   15:07   1.3   04:30   9.1   0.0   0.0   5.6  30.6   09:55   SSE
13   7.2  14.6   16:15   0.1   05:05   8.7   0.0   0.0   2.6  19.3   10:42    NW
14   9.1  16.3   16:36   3.3   06:34   6.9   0.0   0.0   2.7  19.3   09:13     S
15   7.9  12.2   13:26   3.8   05:49   8.1   0.0   0.2   0.7  11.3   13:25   SSE
16  10.8  16.0   11:55   6.7   04:49   5.2   0.0   0.0   2.9  22.5   14:34    SE
17  12.3  15.7   12:39   9.9   03:39   3.7   0.0   0.0   2.8  20.9   13:28    SE
18  11.7  14.4   13:11   9.9   00:46   4.3   0.0  13.4   4.6  24.1   02:14   SSE
19  13.1  18.2   13:38   8.7   23:58   3.2   0.0   0.8   3.4  24.1   15:44    NW
20  11.7  19.1   14:57   5.2   05:34   4.5   0.0   0.0   3.7  25.7   16:26    NW
21  10.7  15.5   12:45   5.7   05:20   5.3   0.0   0.0   7.0  30.6   12:33   NNW
22  11.9  17.4   14:38   9.1   23:56   4.2   0.0   3.4   5.0  25.7   16:56   SSE
23  12.9  17.4   14:15   8.0   06:28   3.2   0.0   0.0   5.1  32.2   13:45   NNW
24  14.0  16.8   12:46  11.8   21:25   2.0   0.0   0.2  11.0  37.0   12:53   NNW
25  12.2  14.8   13:48   8.7   22:31   3.8   0.0   6.4  14.4  49.9   05:56    NW
26   8.6  11.3   14:32   6.0   23:49   7.4   0.0  11.0   4.2  33.8   15:50   WNW
27   9.0  13.1   13:24   4.8   02:25   7.0   0.0   4.0   9.6  48.3   21:39   NNW
28   8.7  13.1   15:00   5.4   08:58   7.3   0.0   5.2   6.1  45.1   08:44    NW
29   9.9  13.1   13:21   5.7   05:52   6.1   0.0   0.8  11.5  37.0   11:31   NNW
30  14.0  17.2   09:40  12.0   00:00   2.0   0.0   5.2  16.2  48.3   23:01   NNW
----------------------------------------------------------------------------------
    10.8  21.2     3     0.1    13   158.1   0.6  60.0   7.0  49.9     1     NNW

Max >=  20.0:  2
Max <=  19.0: 27
Min <=   5.0:  8
Min <=   0.0:  0
Max Rain: 13.4 on day 18
Days of Rain: 14 (>= 0.2 mm)  8 (>= 2.0 mm)  0 (>= 20.0 mm)
Heat Base: 16.0  Cool Base: 18.0  Method: Integration