Your own page

Select a Year or Month report
V/Λ2018 > Jan Feb Mar Apr May Jun Jul Aug Sep Oct Nov Dec V/Λ2017 > Jan Feb Mar Apr May Jun Jul Aug Sep Oct Nov Dec V/Λ2016 > Jan Feb Mar Apr May Jun Jul Aug Sep Oct Nov Dec V/Λ2015 > Jan Feb Mar Apr May Jun Jul Aug Sep Oct Nov Dec V/Λ2014 > Jan Feb Mar Apr May Jun Jul Aug Sep Oct Nov Dec V/Λ2013 > Jan Feb Mar Apr May Jun Jul Aug Sep Oct Nov Dec

Report for 2013 Aug
                   Monthly Climatological Summary for Aug 2013

Name: Summerhill   City: Launceston   State: Tasmania
Elevation: 177 m  Lat: S 41 27' 41"   Lon: E 147 07' 42"

                  Temperature (C), Rain (mm), Wind Speed (km/h)

                                      Heat  Cool        Avg
    Mean                              Deg   Deg         Wind                 Dom
Day Temp  High   Time   Low    Time   Days  Days  Rain  Speed High   Time    Dir
----------------------------------------------------------------------------------
 1   7.2  10.3   16:06   4.8   06:25   8.8   0.0   1.0   1.6  12.9   21:00   NNW
 2   8.1  10.9   13:05   4.7   23:47   7.9   0.0   4.8  12.0  48.3   12:40   NNW
 3   6.0   9.3   14:03   2.8   04:26  10.0   0.0  11.4  11.7  56.3   15:15   NNW
 4   7.6  12.2   15:15   4.9   23:58   8.4   0.0   0.0   7.9  30.6   13:22   NNW
 5   7.0  11.5   23:57   0.5   07:34   9.0   0.0   7.0   8.0  51.5   21:55   NNW
 6   8.5  12.3   13:44   5.3   23:37   7.5   0.0  10.6  12.0  53.1   00:03    NW
 7   6.5  11.2   13:28   2.6   07:33   9.5   0.0   0.0   3.2  20.9   00:22   NNW
 8   7.4  13.3   13:46   3.6   06:33   8.6   0.0   0.0   4.8  19.3   09:46   SSE
 9   8.4  10.5   17:36   6.2   00:00   7.6   0.0  12.0  11.0  43.5   15:57   NNW
10   9.6  13.7   14:29   6.4   05:58   6.4   0.0   1.6  12.4  45.1   09:35    NW
11   9.9  12.8   11:19   6.5   01:36   6.1   0.0   4.4  13.5  40.2   20:45   NNW
12   9.4  13.1   14:43   3.7   23:52   6.6   0.0   1.0  11.0  54.7   06:01    NW
13   7.4  11.3   21:56   2.3   03:21   8.6   0.0  27.0  16.0  75.6   23:02   NNW
14   8.2   9.8   10:02   5.3   23:58   7.8   0.0   9.0   9.7  56.3   00:00   NNW
15   8.5  13.6   15:22   3.2   04:30   7.2   0.0   0.0   9.5  32.2   13:24   NNW
16  11.0  14.1   14:17   9.1   00:14   5.0   0.0   0.0  11.0  40.2   11:11   NNW
17   8.1  12.1   00:40   6.3   23:57   7.9   0.0  10.8  10.3  41.8   01:13   NNW
18   9.0  10.8   15:45   6.2   00:25   7.0   0.0  22.2  19.7  75.6   20:40   NNW
19   8.2  13.1   15:42   4.2   23:43   7.8   0.0   0.8  11.5  61.2   00:55    NW
20   4.7  11.1   14:09   0.3   23:58  11.3   0.0   0.0   3.9  25.7   15:30   WNW
21   4.1   9.4   15:25  -2.6   07:13  11.9   0.0  10.2   6.2  29.0   12:44   NNW
22   7.7  10.4   13:18   6.2   07:29   8.3   0.0   4.2  11.2  38.6   01:40   NNW
23   9.5  15.8   13:11   4.9   23:57   6.5   0.0   0.0   5.5  30.6   14:21    NW
24  10.2  15.8   14:13   4.8   00:03   5.8   0.0   0.0   9.9  35.4   13:20   NNW
25  11.7  15.4   15:18   9.1   06:38   4.3   0.0   0.0  13.2  43.5   13:42   NNW
26  11.5  15.8   16:09   7.8   23:43   4.5   0.0   0.0   8.5  32.2   11:11   NNW
27  10.1  15.3   15:35   6.1   02:29   5.9   0.0   0.0   8.5  30.6   15:16   NNW
28   9.2  13.9   14:08   5.3   23:48   6.8   0.0   0.0   4.4  29.0   08:56   SSE
29  10.6  16.0   14:48   4.6   04:01   5.4   0.0   0.6   3.4  32.2   22:55   ENE
30  11.6  13.3   12:17   9.7   22:16   4.4   0.0   9.4  11.7  43.5   10:27   NNW
31  11.2  14.9   13:29   8.9   04:02   4.8   0.0   0.0   8.5  27.4   14:37   NNW
----------------------------------------------------------------------------------
     8.6  16.0    29    -2.6    21   227.6   0.0 148.0   9.4  75.6    13     NNW

Max >=  20.0:  0
Max <=  19.0: 31
Min <=   5.0: 16
Min <=   0.0:  1
Max Rain: 27.0 on day 13
Days of Rain: 18 (>= 0.2 mm)  13 (>= 2.0 mm)  2 (>= 20.0 mm)
Heat Base: 16.0  Cool Base: 18.0  Method: Integration