Your own page

Select a Year or Month report
V/Λ2018 > Jan Feb Mar Apr May Jun Jul Aug Sep Oct Nov Dec V/Λ2017 > Jan Feb Mar Apr May Jun Jul Aug Sep Oct Nov Dec V/Λ2016 > Jan Feb Mar Apr May Jun Jul Aug Sep Oct Nov Dec V/Λ2015 > Jan Feb Mar Apr May Jun Jul Aug Sep Oct Nov Dec V/Λ2014 > Jan Feb Mar Apr May Jun Jul Aug Sep Oct Nov Dec V/Λ2013 > Jan Feb Mar Apr May Jun Jul Aug Sep Oct Nov Dec

Report for 2013 Jul
                   Monthly Climatological Summary for Jul 2013

Name: Summerhill   City: Launceston   State: Tasmania
Elevation: 177 m  Lat: S 41 27' 41"   Lon: E 147 07' 42"

                  Temperature (C), Rain (mm), Wind Speed (km/h)

                                      Heat  Cool        Avg
    Mean                              Deg   Deg         Wind                 Dom
Day Temp  High   Time   Low    Time   Days  Days  Rain  Speed High   Time    Dir
----------------------------------------------------------------------------------
 1  12.1  14.7   12:46  10.8   20:55   3.9   0.0   0.0  13.4  38.6   00:42   NNW
 2  12.0  14.2   11:30   9.7   23:41   4.0   0.0   0.6  15.2  48.3   04:48   NNW
 3  10.8  13.6   13:35   8.9   04:34   5.2   0.0   0.2  13.4  45.1   21:44   NNW
 4   9.4  11.9   06:47   6.5   21:20   6.6   0.0  20.4  12.5  54.7   07:33   NNW
 5   7.0   9.7   13:49   5.4   19:21   9.0   0.0   6.0  16.0  51.5   15:19    NW
 6   6.2  10.1   13:34   1.3   23:50   9.8   0.0   0.0  10.9  54.7   03:07    NW
 7   3.9   9.7   14:07  -1.3   07:26  12.1   0.0   0.0   2.9  22.5   12:54   NNW
 8   4.7  13.2   15:26  -0.5   05:33  11.3   0.0   0.2   0.7   8.0   11:13    NE
 9   3.7  10.5   14:47  -1.5   07:03  12.3   0.0   0.0   1.3  14.5   14:14   WSW
10   4.3  11.0   15:37  -0.6   07:08  11.7   0.0   0.6   1.3  14.5   11:22     N
11   6.8  11.8   14:07   2.3   02:40   8.8   0.0   0.0   1.9  17.7   12:46   NNW
12   8.5  13.9   14:56   4.3   03:16   7.5   0.0   0.0   3.5  24.1   17:51   NNW
13   7.4   8.9   01:09   5.8   19:53   8.6   0.0   0.0   1.5  11.3   10:00     S
14   9.8  12.0   12:22   5.9   01:23   6.2   0.0   6.2   4.9  25.7   13:53   NNW
15  12.0  13.2   13:32  11.3   23:47   4.0   0.0   5.2   6.7  22.5   12:20   NNW
16  10.9  13.9   14:56   9.4   07:53   5.1   0.0   0.0   5.1  24.1   15:55   NNW
17  11.5  14.4   15:34   9.6   21:40   4.5   0.0   0.8   4.5  20.9   11:27   NNW
18  10.8  15.5   17:29   6.6   06:55   5.2   0.0   3.0   2.9  40.2   19:59   WNW
19  12.2  14.2   02:18   9.3   23:52   3.8   0.0   9.0  15.9  59.5   14:03   NNW
20   8.1  11.4   16:06   5.4   22:42   7.9   0.0   0.2   3.5  17.7   00:14   NNW
21   6.5   8.1   19:16   3.9   07:30   9.5   0.0   2.6   2.8  17.7   21:12   NNW
22   8.1  11.5   15:13   5.3   06:29   7.9   0.0   0.4   0.5  12.9   15:14   NNW
23   7.5  14.2   14:30   3.3   23:50   8.5   0.0   0.0   2.5  19.3   10:50    SE
24   6.9  15.3   13:27   0.7   06:25   9.1   0.0   0.0   1.5  12.9   09:45    SE
25   6.3  10.4   13:58   0.8   06:27   9.7   0.0   0.0   7.1  30.6   19:04   NNW
26  10.3  13.9   14:33   7.8   07:20   5.7   0.0   1.4  10.0  33.8   12:56   NNW
27   9.6  12.2   13:20   5.9   07:05   6.4   0.0   0.0   7.0  30.6   12:53   NNW
28   9.8  12.9   14:21   6.5   07:32   6.2   0.0   3.6   3.7  22.5   20:40   NNW
29  11.1  13.7   13:21   9.1   00:37   4.9   0.0   8.6  10.7  30.6   05:15   NNW
30   8.6  12.9   14:43   3.5   23:58   7.4   0.0   0.2   3.6  29.0   01:20   NNW
31   5.9  11.7   14:49   0.2   07:36  10.1   0.0   0.0   1.9  16.1   13:09   NNW
----------------------------------------------------------------------------------
     8.5  15.5    18    -1.5     9   232.9   0.0  69.2   6.1  59.5    19     NNW

Max >=  20.0:  0
Max <=  19.0: 31
Min <=   5.0: 13
Min <=   0.0:  4
Max Rain: 20.4 on day 4
Days of Rain: 18 (>= 0.2 mm)  9 (>= 2.0 mm)  1 (>= 20.0 mm)
Heat Base: 16.0  Cool Base: 18.0  Method: Integration