Your own page

Select a Year or Month report
V/Λ2018 > Jan Feb Mar Apr May Jun Jul Aug Sep Oct Nov Dec V/Λ2017 > Jan Feb Mar Apr May Jun Jul Aug Sep Oct Nov Dec V/Λ2016 > Jan Feb Mar Apr May Jun Jul Aug Sep Oct Nov Dec V/Λ2015 > Jan Feb Mar Apr May Jun Jul Aug Sep Oct Nov Dec V/Λ2014 > Jan Feb Mar Apr May Jun Jul Aug Sep Oct Nov Dec V/Λ2013 > Jan Feb Mar Apr May Jun Jul Aug Sep Oct Nov Dec

Report for 2013 Jun
                   Monthly Climatological Summary for Jun 2013

Name: Summerhill   City: Launceston   State: Tasmania
Elevation: 177 m  Lat: S 41 27' 41"   Lon: E 147 07' 42"

                  Temperature (C), Rain (mm), Wind Speed (km/h)

                                      Heat  Cool        Avg
    Mean                              Deg   Deg         Wind                 Dom
Day Temp  High   Time   Low    Time   Days  Days  Rain  Speed High   Time    Dir
----------------------------------------------------------------------------------
 1  12.3  17.4   14:09   4.9   23:50   3.7   0.0   0.8   6.0  33.8   00:08   NNW
 2   8.1  15.4   14:43   2.9   07:11   7.9   0.0   0.0   1.9  19.3   13:02    SE
 3   9.2  16.2   15:26   3.6   01:18   6.8   0.0   0.0   2.4  16.1   22:38   NNW
 4  10.4  14.8   13:50   6.6   23:51   5.5   0.0   0.0   5.0  24.1   11:35   NNW
 5   9.0  11.8   11:26   4.0   06:00   7.0   0.0   0.0   4.6  19.3   10:18   NNW
 6  11.6  12.7   22:16  10.9   00:00   4.4   0.0   4.6  13.9  43.5   22:38   NNW
 7   9.3  12.5   12:06   5.4   19:59   6.7   0.0   2.0   6.0  27.4   13:37    NW
 8   8.6  13.2   13:05   4.3   04:25   7.4   0.0   0.0   9.0  35.4   13:34   NNW
 9  11.0  13.8   14:16   9.5   00:02   5.0   0.0   0.6   8.6  30.6   14:17   NNW
10  10.6  13.1   12:54   9.3   07:39   5.4   0.0   2.4   7.4  32.2   13:07   NNW
11  11.6  14.9   13:33   9.7   23:56   4.4   0.0   0.0   7.3  29.0   03:52   NNW
12  10.2  13.1   12:18   7.3   07:58   5.8   0.0   0.0   5.4  33.8   23:26   SSE
13   9.8  12.1   12:32   8.3   23:59   5.9   0.0   0.0  15.2  41.8   11:25     S
14   8.1  10.3   13:25   6.3   23:51   7.9   0.0   0.0  17.1  48.3   04:32   SSE
15   8.5  12.8   12:53   6.2   01:02   7.5   0.0   0.0  12.7  41.8   09:45   SSE
16   7.8   9.2   14:02   6.1   01:59   8.2   0.0   0.0  12.7  46.7   15:24   SSE
17   8.7  11.4   13:08   6.9   21:47   7.3   0.0   0.0  10.8  32.2   15:57   SSE
18   7.7  11.9   15:22   2.9   23:36   8.3   0.0   0.0   8.0  33.8   13:28   SSE
19   6.3  12.5   14:04   2.1   02:39   9.7   0.0   0.0   2.9  24.1   11:45   SSE
20   5.1  12.3   14:48   0.8   07:57  10.9   0.0   0.0   1.3  17.7   11:21   SSE
21   5.2  13.5   15:11   0.1   08:14  10.8   0.0   0.0   1.2   9.7   04:44     S
22   5.2  13.3   14:56   0.2   08:13  10.8   0.0   0.0   1.1  12.9   12:07   SSE
23   4.2  12.9   15:27  -1.0   07:25  11.8   0.0   0.0   1.3   8.0   11:49     S
24   5.0  13.1   14:53  -1.3   05:34  11.0   0.0   0.0   2.9  17.7   17:24     S
25   6.5  13.0   13:56   2.0   08:03   9.5   0.0   0.0   3.4  19.3   10:38     S
26   6.9  12.8   14:10   3.2   01:03   9.1   0.0   0.0   1.8  14.5   13:32   SSE
27   9.2  13.6   13:37   5.2   04:22   6.8   0.0   0.6   3.6  20.9   13:38   NNW
28  10.0  14.1   14:11   6.7   06:03   6.0   0.0   0.0   6.1  20.9   03:43   NNW
29   8.5  13.1   14:31   3.7   07:30   7.5   0.0   0.0   5.3  22.5   12:23   NNW
30  11.1  13.6   12:15   9.8   00:00   4.9   0.0   0.0  12.5  33.8   12:30   NNW
----------------------------------------------------------------------------------
     8.5  17.4     1    -1.3    24   223.9   0.0  11.0   6.5  48.3    14     WSW

Max >=  20.0:  0
Max <=  19.0: 30
Min <=   5.0: 15
Min <=   0.0:  2
Max Rain: 4.6 on day 6
Days of Rain: 6 (>= 0.2 mm)  3 (>= 2.0 mm)  0 (>= 20.0 mm)
Heat Base: 16.0  Cool Base: 18.0  Method: Integration