Your own page

Select a Year or Month report
V/Λ2018 > Jan Feb Mar Apr May Jun Jul Aug Sep Oct Nov Dec V/Λ2017 > Jan Feb Mar Apr May Jun Jul Aug Sep Oct Nov Dec V/Λ2016 > Jan Feb Mar Apr May Jun Jul Aug Sep Oct Nov Dec V/Λ2015 > Jan Feb Mar Apr May Jun Jul Aug Sep Oct Nov Dec V/Λ2014 > Jan Feb Mar Apr May Jun Jul Aug Sep Oct Nov Dec V/Λ2013 > Jan Feb Mar Apr May Jun Jul Aug Sep Oct Nov Dec

Report for 2013 May
                   Monthly Climatological Summary for May 2013

Name: Summerhill   City: Launceston   State: Tasmania
Elevation: 177 m  Lat: S 41 27' 41"   Lon: E 147 07' 42"

                  Temperature (C), Rain (mm), Wind Speed (km/h)

                                      Heat  Cool        Avg
    Mean                              Deg   Deg         Wind                 Dom
Day Temp  High   Time   Low    Time   Days  Days  Rain  Speed High   Time    Dir
----------------------------------------------------------------------------------
 1   8.8  15.3   14:55   2.8   23:28   7.2   0.0   8.8   4.4  32.2   16:20   NNW
 2   7.2  13.7   14:56   1.1   07:07   8.8   0.0   0.2   3.1  20.9   17:19   NNW
 3  11.9  15.4   10:52   8.0   00:08   4.1   0.0   4.8  14.7  53.1   15:55   NNW
 4   8.0  13.2   14:19   3.1   23:48   8.0   0.0   0.0   3.3  32.2   11:43   WSW
 5   7.1  15.3   15:49   1.1   07:34   8.9   0.0   0.0   1.1  14.5   14:02   SSE
 6   7.8  15.6   14:58   1.9   06:56   8.2   0.0   0.0   1.6  12.9   14:17   NNW
 7  10.0  15.1   15:28   4.8   00:34   6.0   0.0   0.0   1.5  12.9   22:48     S
 8  13.0  18.4   14:36   8.3   07:56   3.4   0.0   0.0   3.8  24.1   14:38   NNW
 9  13.6  22.1   14:33   7.2   06:19   3.3   0.5   0.0   1.3  11.3   10:17   ENE
10  14.4  18.9   15:03  10.3   23:36   2.0   0.1   0.0   4.1  20.9   12:08   NNW
11  14.1  18.3   12:19  10.4   00:00   2.3   0.0   0.0   3.3  22.5   13:03    NW
12  13.2  18.8   13:35   8.6   05:27   3.3   0.0   4.6   4.0  32.2   13:54   NNW
13  12.0  15.2   14:25   7.9   23:58   4.0   0.0   8.6   6.1  30.6   10:46   NNW
14   8.5  12.1   11:56   6.4   01:12   7.5   0.0  14.4   3.3  24.1   10:47     N
15   9.0  10.7   11:07   7.7   07:17   7.0   0.0   7.8   2.9  19.3   02:13   ESE
16  10.4  15.5   14:36   6.2   23:56   4.7   0.0   0.0   7.6  33.8   14:38     S
17  10.0  17.4   13:16   5.3   02:52   6.1   0.0   0.0   1.3  17.7   14:01   SSE
18   8.3  14.2   14:03   3.8   23:57   7.7   0.0   0.0   3.5  30.6   17:02     S
19   6.9  15.2   14:22   0.8   07:46   9.1   0.0   0.0   0.9  11.3   19:52   SSE
20   5.0   9.1   11:31   0.2   06:08  11.0   0.0   0.4   0.8   8.0   00:29     S
21   8.8  16.6   15:05   3.7   07:30   7.2   0.0   0.0   1.0  16.1   15:13   SSW
22   9.6  16.4   15:02   5.3   02:00   6.4   0.0   0.0   1.1  14.5   23:21   SSE
23   8.5  14.5   12:39   3.9   06:29   7.5   0.0   0.0   1.7  16.1   00:58   NNW
24   9.2  12.9   15:14   4.6   02:05   6.7   0.0   0.0   9.2  29.0   12:55   NNW
25  12.3  16.4   13:57   9.7   05:01   3.7   0.0   0.0  14.9  45.1   13:26   NNW
26  11.6  17.8   15:40   8.0   23:08   4.6   0.0   0.0   6.5  25.7   11:39    NW
27   8.0  12.5   14:42   4.8   07:19   8.0   0.0   0.0   3.4  19.3   10:39   SSE
28   9.2  13.8   14:17   5.7   02:15   6.8   0.0   0.0   1.4  11.3   16:11    NW
29  11.0  15.3   13:20   6.2   07:14   5.0   0.0   0.0   6.5  33.8   13:46   NNW
30  13.5  16.6   12:23  11.7   00:40   2.6   0.0   0.0   7.1  29.0   05:26   NNW
31  13.3  14.8   12:11  12.4   04:12   2.7   0.0   0.6   7.9  35.4   23:42   NNW
----------------------------------------------------------------------------------
    10.1  22.1     9     0.2    20   183.8   0.6  50.2   4.3  53.1     3     NNW

Max >=  20.0:  1
Max <=  19.0: 30
Min <=   5.0: 13
Min <=   0.0:  0
Max Rain: 14.4 on day 14
Days of Rain: 9 (>= 0.2 mm)  6 (>= 2.0 mm)  0 (>= 20.0 mm)
Heat Base: 16.0  Cool Base: 18.0  Method: Integration