Your own page

Select a Year or Month report
V/Λ2018 > Jan Feb Mar Apr May Jun Jul Aug Sep Oct Nov Dec V/Λ2017 > Jan Feb Mar Apr May Jun Jul Aug Sep Oct Nov Dec V/Λ2016 > Jan Feb Mar Apr May Jun Jul Aug Sep Oct Nov Dec V/Λ2015 > Jan Feb Mar Apr May Jun Jul Aug Sep Oct Nov Dec V/Λ2014 > Jan Feb Mar Apr May Jun Jul Aug Sep Oct Nov Dec V/Λ2013 > Jan Feb Mar Apr May Jun Jul Aug Sep Oct Nov Dec

Report for 2013 Apr
                   Monthly Climatological Summary for Apr 2013

Name: Summerhill   City: Launceston   State: Tasmania
Elevation: 177 m  Lat: S 41 27' 41"   Lon: E 147 07' 42"

                  Temperature (C), Rain (mm), Wind Speed (km/h)

                                      Heat  Cool        Avg
    Mean                              Deg   Deg         Wind                 Dom
Day Temp  High   Time   Low    Time   Days  Days  Rain  Speed High   Time    Dir
----------------------------------------------------------------------------------
 1  13.6  18.2   14:38   8.7   00:19   2.7   0.0   0.0  12.3  43.5   15:44   NNW
 2  14.1  18.8   13:53   7.7   23:55   2.4   0.0   0.0   5.1  25.7   00:06   WNW
 3  11.0  18.9   15:45   4.3   06:08   5.4   0.0   0.0   1.7  19.3   13:05   SSE
 4  12.0  20.4   16:05   4.7   07:26   4.6   0.2   0.0   2.6  20.9   18:43   NNW
 5  14.1  20.8   15:41   9.1   07:31   2.9   0.4   0.0   3.0  22.5   15:53   NNW
 6  14.3  20.3   15:05   9.0   07:18   2.4   0.1   0.4   1.5  14.5   15:29    SE
 7  16.9  22.5   15:37  12.7   06:59   1.0   1.0   0.0   3.0  20.9   12:48   NNW
 8  16.4  23.4   15:30  10.4   06:34   1.5   1.0   0.0   1.8  12.9   09:48    NW
 9  16.2  22.2   14:18  12.5   06:58   1.4   0.9   0.0   3.8  24.1   15:31   NNW
10  14.8  17.2   14:36  12.7   07:43   1.4   0.0   0.2   9.0  33.8   17:12   NNW
11  14.2  19.6   15:36   9.1   23:56   2.1   0.1   0.2   4.7  22.5   16:15   NNW
12  12.4  18.1   13:28   8.4   06:14   3.8   0.0   0.0   4.8  33.8   14:12   NNW
13  13.5  17.3   15:29   9.4   00:35   2.6   0.0   5.0   9.8  40.2   16:18   NNW
14  11.0  13.6   13:21   7.7   07:08   5.0   0.0   0.0   2.9  27.4   00:55   NNW
15  11.7  19.1   15:22   6.1   05:56   4.7   0.0   0.0   2.6  17.7   21:20   SSE
16  10.8  17.4   14:15   4.4   07:06   5.3   0.0   0.0   2.3  17.7   13:53    NW
17  12.9  19.2   14:57   7.8   02:54   3.6   0.1   0.0   1.7  12.9   12:50     N
18  10.5  15.8   14:01   5.9   22:38   5.5   0.0   0.0   9.7  38.6   17:01   SSE
19   7.6  12.9   13:11   3.4   06:15   8.4   0.0   0.4   8.4  38.6   11:33   SSE
20   9.4  14.7   13:17   5.1   02:33   6.6   0.0   0.0   4.3  22.5   13:39   SSE
21   9.5  16.7   13:54   3.5   05:20   6.5   0.0   0.0   1.4  14.5   00:11   ENE
22  11.5  17.7   11:15   6.3   04:39   4.6   0.0   1.2   4.0  25.7   22:19     N
23  11.7  17.0   14:01   6.8   23:18   4.4   0.0   1.6   5.6  29.0   14:52    NW
24  10.3  17.0   16:45   5.3   04:30   5.8   0.0   0.0   4.8  22.5   08:23    NW
25  12.1  15.4   14:58   5.3   01:12   3.3   0.0   0.0  12.8  46.7   14:56   NNW
26  14.2  18.9   13:17  10.9   01:59   2.2   0.0   0.0  12.7  43.5   15:49   NNW
27  16.5  19.1   13:25  14.2   00:00   0.4   0.1   1.4  18.5  69.2   23:43   NNW
28  12.2  15.5   14:41   8.6   23:40   3.8   0.0   2.0  12.0  53.1   00:00    NW
29  10.2  15.8   13:44   6.7   06:25   5.8   0.0   0.0   5.5  24.1   13:19   NNW
30   9.0  14.4   13:45   3.1   06:11   7.0   0.0   0.0   5.3  30.6   12:30   NNW
----------------------------------------------------------------------------------
    12.5  23.4     8     3.1    30   117.1   3.9  12.4   5.9  69.2    27     NNW

Max >=  20.0:  6
Max <=  19.0: 20
Min <=   5.0:  6
Min <=   0.0:  0
Max Rain: 5.0 on day 13
Days of Rain: 9 (>= 0.2 mm)  2 (>= 2.0 mm)  0 (>= 20.0 mm)
Heat Base: 16.0  Cool Base: 18.0  Method: Integration