Your own page

Select a Year or Month report
V/Λ2018 > Jan Feb Mar Apr May Jun Jul Aug Sep Oct Nov Dec V/Λ2017 > Jan Feb Mar Apr May Jun Jul Aug Sep Oct Nov Dec V/Λ2016 > Jan Feb Mar Apr May Jun Jul Aug Sep Oct Nov Dec V/Λ2015 > Jan Feb Mar Apr May Jun Jul Aug Sep Oct Nov Dec V/Λ2014 > Jan Feb Mar Apr May Jun Jul Aug Sep Oct Nov Dec V/Λ2013 > Jan Feb Mar Apr May Jun Jul Aug Sep Oct Nov Dec

Report for 2013 Mar
                   Monthly Climatological Summary for Mar 2013

Name: Summerhill   City: Launceston   State: Tasmania
Elevation: 177 m  Lat: S 41 27' 41"   Lon: E 147 07' 42"

                  Temperature (C), Rain (mm), Wind Speed (km/h)

                                      Heat  Cool        Avg
    Mean                              Deg   Deg         Wind                 Dom
Day Temp  High   Time   Low    Time   Days  Days  Rain  Speed High   Time    Dir
----------------------------------------------------------------------------------
 1  15.2  24.9   17:50   8.4   05:50   2.8   1.3   0.0   7.0  32.2   11:06   SSE
 2  16.1  27.4   16:27   8.2   06:52   2.5   1.8   0.0   4.2  32.2   17:38   NNW
 3  17.6  26.7   16:38  10.5   05:47   1.5   2.1   0.0   3.6  20.9   17:21   NNW
 4  18.8  27.6   17:06  11.8   05:34   1.0   2.7   0.0   5.2  25.7   13:25    NW
 5  20.7  30.3   16:08  13.5   07:30   0.3   3.8   0.0   4.8  25.7   13:44   NNW
 6  20.9  30.8   15:23  12.5   07:20   0.5   4.1   0.0   5.9  32.2   16:35   NNW
 7  22.9  32.4   14:56  16.9   07:44   0.0   5.1   0.0   8.2  33.8   16:07   NNW
 8  22.1  30.6   15:12  14.8   07:27   0.1   4.7   0.0   4.8  32.2   15:36    NW
 9  22.5  31.0   17:06  16.4   06:23   0.0   4.7   0.0   4.2  24.1   16:57    NW
10  22.3  30.8   14:13  18.1   23:55   0.0   4.3   0.0   5.5  27.4   18:15   SSE
11  21.5  28.7   15:51  17.0   06:43   0.0   3.7   0.4   5.2  27.4   16:31    NW
12  23.0  30.6   16:35  16.8   07:22   0.0   5.1   0.0   5.7  33.8   14:46    NW
13  18.8  23.2   11:47  13.3   23:54   0.2   1.6   0.0  10.2  57.9   15:37    NW
14  15.7  23.2   17:04   8.2   07:01   2.3   1.1   0.0   4.6  32.2   15:57   NNW
15  16.4  23.6   15:41   9.3   07:30   1.7   1.1   0.0   5.1  27.4   17:13     N
16  14.1  20.6   12:47   9.5   23:43   2.4   0.2   2.4   4.6  30.6   19:03   SSE
17  12.5  19.8   16:08   6.6   07:23   4.0   0.1   0.0   6.9  30.6   15:10     S
18  14.9  21.9   13:16   7.6   06:47   2.7   0.8   0.0   2.1  19.3   12:23   SSE
19  15.7  23.1   16:43   8.9   06:43   2.2   1.1   0.0   5.2  30.6   16:54   NNW
20  17.0  24.2   15:36  10.4   06:58   1.7   1.5   0.0   4.3  32.2   16:11   NNW
21  16.6  18.4   03:31  14.2   22:50   0.1   0.0  30.6   9.1  59.5   22:35   NNW
22  15.7  19.3   13:35  13.1   02:42   1.1   0.1   5.8  13.9  45.1   11:28    NW
23  15.1  19.3   13:23  12.7   03:53   1.5   0.1   1.0   9.5  35.4   15:40   NNW
24  15.6  19.8   15:56  13.0   23:56   0.9   0.1  11.4  13.6  57.9   12:01   NNW
25  14.5  20.4   15:09   8.4   07:26   2.4   0.3   0.0   6.1  27.4   17:43   NNW
26  17.3  23.1   16:17  13.5   05:52   0.7   1.1   0.0   8.4  33.8   14:34   NNW
27  19.2  28.8   14:20  12.4   07:38   0.9   2.9   0.0   7.1  33.8   14:01   NNW
28  14.4  17.9   00:00   8.7   23:57   1.8   0.0   1.0   7.9  30.6   16:31    NW
29  12.3  17.8   16:50   5.9   04:23   4.0   0.0   0.0   7.5  37.0   16:46   NNW
30  15.1  19.3   14:27  12.5   07:00   1.4   0.1   0.0  13.7  38.6   13:00   NNW
31  13.3  17.9   16:15   9.0   23:58   2.8   0.0   0.0   7.3  48.3   02:12    NW
----------------------------------------------------------------------------------
    17.3  32.4     7     5.9    29    43.5  55.6  52.6   6.7  59.5    21     NNW

Max >=  25.0: 12
Max <=  18.0:  3
Min <=   5.0:  0
Min <=   0.0:  0
Max Rain: 30.6 on day 21
Days of Rain: 7 (>= 0.2 mm)  4 (>= 2.0 mm)  1 (>= 20.0 mm)
Heat Base: 16.0  Cool Base: 18.0  Method: Integration