Your own page

Select a Year or Month report
V/Λ2018 > Jan Feb Mar Apr May Jun Jul Aug Sep Oct Nov Dec V/Λ2017 > Jan Feb Mar Apr May Jun Jul Aug Sep Oct Nov Dec V/Λ2016 > Jan Feb Mar Apr May Jun Jul Aug Sep Oct Nov Dec V/Λ2015 > Jan Feb Mar Apr May Jun Jul Aug Sep Oct Nov Dec V/Λ2014 > Jan Feb Mar Apr May Jun Jul Aug Sep Oct Nov Dec V/Λ2013 > Jan Feb Mar Apr May Jun Jul Aug Sep Oct Nov Dec

Report for 2013
                   Annual Climatological Summary for 2013

Name: Summerhill   City: Launceston   State: Tasmania
Elevation: 177 m  Lat: S 41 27' 41"   Lon: E 147 07' 42"

                  Temperature (C), Heat Base: 16.0  Cool Base: 18.0
                          Dep.  Heat  Cool                       Max  Max  Min  Min
        Mean  Mean        From  Deg   Deg                        >=   <=   <=   <=
 YR MO  Max   Min   Mean  Norm  Days  Days  Hi  Date  Low  Date 20.0 19.0  5.0   0.0
------------------------------------------------------------------------------------
 13  1  23.6  11.5  17.2  -1.1    31    38  29.0   7   7.0    9   24    3    0    0
 13  2  25.5  13.2  18.7   0.3    20    59  30.7  25   6.3    2   27    0    0    0
 13  3  24.3  11.7  17.3   0.9    43    55  32.4   7   5.9   29   22    4    0    0
 13  4  17.9   7.7  12.5  -0.8   117     3  23.4   8   3.1   30    6   20    6    0
 13  5  15.4   5.9  10.1  -0.3   183     0  22.1   9   0.2   20    1   30   13    0
 13  6  13.1   4.9   8.5   0.5   223     0  17.4   1  -1.3   24    0   30   15    2
 13  7  12.4   5.0   8.5   1.0   232     0  15.5  18  -1.5    9    0   31   13    4
 13  8  12.7   5.0   8.6  -0.1   227     0  16.0  29  -2.6   21    0   31   16    1
 13  9  15.6   6.6  10.8   0.4   158     0  21.2   3   0.1   13    2   27    8    0
 13 10  16.5   7.0  11.5  -0.9   145     1  21.7  20   2.4   14    3   26    5    0
 13 11  19.1   8.2  13.0  -1.9   109     7  23.9  19   3.7   10   15   11    2    0
 13 12  21.7  10.0  15.5  -1.0    65    28  28.7  19   5.1   30   20    9    0    0
------------------------------------------------------------------------------------
        18.2   8.1  12.7  -0.2  1559   196  32.4 Mar  -2.6  Aug  120  222   78    7

                                Precipitation (mm)

              Dep.   Max        Days of Rain
              From   Obs.           >=
 YR MO Total  Norm   Day Date  0.2  2.0 20.0
---------------------------------------------
 13  1  22.4 -22.3  11.6  31     4    3    0
 13  2   9.0 -29.7   3.8  26     5    2    0
 13  3  52.6  14.5  30.6  21     7    4    1
 13  4  12.4 -42.1   5.0  13     9    2    0
 13  5  50.2  -9.8  14.4  14     9    6    0
 13  6  11.0 -50.5   4.6   6     6    3    0
 13  7  69.2  -7.5  20.4   4    18    9    1
 13  8 148.0  69.7  27.0  13    18   13    2
 13  9  60.0  -4.1  13.4  18    14    8    0
 13 10  44.8 -15.4  19.4   2    13    4    0
 13 11  94.8  44.7  35.2  21    13    8    2
 13 12  30.4 -20.3  10.4   4     7    4    0
---------------------------------------------
       604.8 -72.8  35.2  Nov  123   66    6

                                Wind Speed (km/h)
                          Dom
 YR MO   Avg.  Hi   Date  Dir
------------------------------
 13  1   7.3  43.5    8    NW
 13  2   6.5  57.9    9   NNW
 13  3   6.7  59.5   21   NNW
 13  4   5.9  69.2   27   NNW
 13  5   4.3  53.1    3   NNW
 13  6   6.5  48.3   14   WSW
 13  7   6.1  59.5   19   NNW
 13  8   9.4  75.6   18   NNW
 13  9   7.0  49.9    1   NNW
 13 10  10.1  77.2    2    NW
 13 11   7.9  49.9    8   SSW
 13 12   7.8  53.1    9    NW
------------------------------
         7.1  77.2  Oct    NW